Last updated on 2025-11-19 01:48:57 CET.
| Flavor | Version | Tinstall | Tcheck | Ttotal | Status | Flags |
|---|---|---|---|---|---|---|
| r-devel-linux-x86_64-debian-clang | 0.5.1 | 6.52 | 59.54 | 66.06 | NOTE | |
| r-devel-linux-x86_64-debian-gcc | 0.5.1 | 5.01 | 43.40 | 48.41 | NOTE | |
| r-devel-linux-x86_64-fedora-clang | 0.5.1 | 15.00 | 82.98 | 97.98 | OK | |
| r-devel-linux-x86_64-fedora-gcc | 0.5.1 | 13.00 | 83.47 | 96.47 | OK | |
| r-devel-windows-x86_64 | 0.5.1 | 9.00 | 67.00 | 76.00 | OK | |
| r-patched-linux-x86_64 | 0.5.1 | 6.66 | 54.75 | 61.41 | OK | |
| r-release-linux-x86_64 | 0.5.1 | 6.63 | 55.08 | 61.71 | OK | |
| r-release-macos-arm64 | 0.5.1 | 3.00 | 22.00 | 25.00 | OK | |
| r-release-macos-x86_64 | 0.5.1 | 5.00 | 41.00 | 46.00 | OK | |
| r-release-windows-x86_64 | 0.5.1 | 9.00 | 66.00 | 75.00 | OK | |
| r-oldrel-macos-arm64 | 0.5.1 | 3.00 | 20.00 | 23.00 | OK | |
| r-oldrel-macos-x86_64 | 0.5.1 | 4.00 | 34.00 | 38.00 | OK | |
| r-oldrel-windows-x86_64 | 0.5.1 | 12.00 | 79.00 | 91.00 | OK |
Version: 0.5.1
Check: CRAN incoming feasibility
Result: NOTE
Maintainer: ‘Michael Sweeting <mjs212@medschl.cam.ac.uk>’
No Authors@R field in DESCRIPTION.
Please add one, modifying
Authors@R: person(given = "Michael",
family = "Sweeting",
role = c("aut", "cre"),
email = "mjs212@medschl.cam.ac.uk")
as necessary.
Flavors: r-devel-linux-x86_64-debian-clang, r-devel-linux-x86_64-debian-gcc