CRAN Package Check Results for Package pmultinom

Last updated on 2025-11-25 02:50:35 CET.

Flavor Version Tinstall Tcheck Ttotal Status Flags
r-devel-linux-x86_64-debian-clang 1.0.0 1.65 58.58 60.23 NOTE
r-devel-linux-x86_64-debian-gcc 1.0.0 1.42 39.20 40.62 NOTE
r-devel-linux-x86_64-fedora-clang 1.0.0 95.78 OK
r-devel-linux-x86_64-fedora-gcc 1.0.0 109.27 OK
r-devel-windows-x86_64 1.0.0 4.00 81.00 85.00 OK
r-patched-linux-x86_64 1.0.0 1.69 56.72 58.41 OK
r-release-linux-x86_64 1.0.0 1.76 57.05 58.81 OK
r-release-macos-arm64 1.0.0 OK
r-release-macos-x86_64 1.0.0 2.00 67.00 69.00 OK
r-release-windows-x86_64 1.0.0 6.00 83.00 89.00 OK
r-oldrel-macos-arm64 1.0.0 NOTE
r-oldrel-macos-x86_64 1.0.0 2.00 50.00 52.00 NOTE
r-oldrel-windows-x86_64 1.0.0 5.00 100.00 105.00 NOTE

Check Details

Version: 1.0.0
Check: CRAN incoming feasibility
Result: NOTE Maintainer: ‘Alexander Davis <ajdavis2@mdanderson.org>’ No Authors@R field in DESCRIPTION. Please add one, modifying Authors@R: person(given = "Alexander", family = "Davis", role = c("aut", "cre"), email = "ajdavis2@mdanderson.org") as necessary. Flavors: r-devel-linux-x86_64-debian-clang, r-devel-linux-x86_64-debian-gcc

Version: 1.0.0
Check: LazyData
Result: NOTE 'LazyData' is specified without a 'data' directory Flavors: r-oldrel-macos-arm64, r-oldrel-macos-x86_64, r-oldrel-windows-x86_64