CRAN Package Check Results for Package pocketapi

Last updated on 2025-10-22 01:51:34 CEST.

Flavor Version Tinstall Tcheck Ttotal Status Flags
r-devel-linux-x86_64-debian-clang 0.1 3.02 42.17 45.19 NOTE
r-devel-linux-x86_64-debian-gcc 0.1 2.35 32.04 34.39 NOTE
r-devel-linux-x86_64-fedora-clang 0.1 67.58 NOTE
r-devel-linux-x86_64-fedora-gcc 0.1 97.91 NOTE
r-devel-windows-x86_64 0.1 6.00 60.00 66.00 NOTE
r-patched-linux-x86_64 0.1 3.34 39.16 42.50 NOTE
r-release-linux-x86_64 0.1 3.05 39.02 42.07 NOTE
r-release-macos-arm64 0.1 2.00 39.00 41.00 NOTE
r-release-macos-x86_64 0.1 3.00 75.00 78.00 NOTE
r-release-windows-x86_64 0.1 6.00 61.00 67.00 NOTE
r-oldrel-macos-arm64 0.1 2.00 37.00 39.00 NOTE
r-oldrel-macos-x86_64 0.1 3.00 50.00 53.00 NOTE
r-oldrel-windows-x86_64 0.1 7.00 69.00 76.00 NOTE

Check Details

Version: 0.1
Check: package subdirectories
Result: NOTE Problems with news in ‘NEWS.md’: No news entries found. Flavors: r-devel-linux-x86_64-debian-clang, r-devel-linux-x86_64-debian-gcc, r-devel-linux-x86_64-fedora-clang, r-devel-linux-x86_64-fedora-gcc, r-devel-windows-x86_64, r-patched-linux-x86_64, r-release-linux-x86_64, r-release-macos-arm64, r-release-macos-x86_64, r-release-windows-x86_64, r-oldrel-macos-arm64, r-oldrel-macos-x86_64, r-oldrel-windows-x86_64

Version: 0.1
Check: HTML version of manual
Result: NOTE Found the following HTML validation problems: pocket_modify_bulk_.html:62:1 (pocket_modify_bulk_.Rd:18): Warning: missing </ul> before </div> pocket_post_.html:58:1 (pocket_post_.Rd:16): Warning: missing </ul> before </div> warn_for_failures_.html:46:1 (warn_for_failures_.Rd:10): Warning: missing </ul> before </div> Flavors: r-devel-linux-x86_64-debian-clang, r-devel-linux-x86_64-debian-gcc

Version: 0.1
Check: dependencies in R code
Result: NOTE Namespace in Imports field not imported from: ‘dplyr’ All declared Imports should be used. Flavors: r-devel-linux-x86_64-fedora-clang, r-devel-linux-x86_64-fedora-gcc

Version: 0.1
Check: LazyData
Result: NOTE 'LazyData' is specified without a 'data' directory Flavors: r-oldrel-macos-arm64, r-oldrel-macos-x86_64, r-oldrel-windows-x86_64