CRAN Package Check Results for Package ppsr

Last updated on 2025-10-23 02:50:04 CEST.

Flavor Version Tinstall Tcheck Ttotal Status Flags
r-devel-linux-x86_64-debian-clang 0.0.5 2.18 36.24 38.42 OK
r-devel-linux-x86_64-debian-gcc 0.0.5 1.65 29.62 31.27 OK
r-devel-linux-x86_64-fedora-clang 0.0.5 54.74 NOTE
r-devel-linux-x86_64-fedora-gcc 0.0.5 53.91 NOTE
r-devel-windows-x86_64 0.0.5 3.00 52.00 55.00 OK
r-patched-linux-x86_64 0.0.5 2.46 32.76 35.22 OK
r-release-linux-x86_64 0.0.5 2.19 32.67 34.86 OK
r-release-macos-arm64 0.0.5 1.00 21.00 22.00 OK
r-release-macos-x86_64 0.0.5 2.00 31.00 33.00 OK
r-release-windows-x86_64 0.0.5 5.00 53.00 58.00 OK
r-oldrel-macos-arm64 0.0.5 1.00 20.00 21.00 OK
r-oldrel-macos-x86_64 0.0.5 2.00 27.00 29.00 OK
r-oldrel-windows-x86_64 0.0.5 5.00 61.00 66.00 OK

Check Details

Version: 0.0.5
Check: dependencies in R code
Result: NOTE Namespaces in Imports field not imported from: ‘rpart’ ‘withr’ All declared Imports should be used. Flavors: r-devel-linux-x86_64-fedora-clang, r-devel-linux-x86_64-fedora-gcc