Last updated on 2025-10-23 02:50:05 CEST.
Flavor | Version | Tinstall | Tcheck | Ttotal | Status | Flags |
---|---|---|---|---|---|---|
r-devel-linux-x86_64-debian-clang | 0.6.1 | 6.55 | 80.42 | 86.97 | NOTE | |
r-devel-linux-x86_64-debian-gcc | 0.6.1 | 4.66 | 53.26 | 57.92 | NOTE | |
r-devel-linux-x86_64-fedora-clang | 0.6.1 | 32.00 | 104.84 | 136.84 | NOTE | |
r-devel-linux-x86_64-fedora-gcc | 0.6.1 | 15.00 | 130.48 | 145.48 | NOTE | |
r-devel-windows-x86_64 | 0.6.1 | 9.00 | 83.00 | 92.00 | NOTE | --no-vignettes |
r-patched-linux-x86_64 | 0.6.1 | 6.80 | 71.83 | 78.63 | NOTE | |
r-release-linux-x86_64 | 0.6.1 | 6.71 | 71.10 | 77.81 | NOTE | |
r-release-macos-arm64 | 0.6.1 | 3.00 | 52.00 | 55.00 | NOTE | |
r-release-macos-x86_64 | 0.6.1 | 4.00 | 95.00 | 99.00 | NOTE | |
r-release-windows-x86_64 | 0.6.1 | 10.00 | 108.00 | 118.00 | NOTE | --no-vignettes |
r-oldrel-macos-arm64 | 0.6.1 | 3.00 | 38.00 | 41.00 | NOTE | |
r-oldrel-macos-x86_64 | 0.6.1 | 6.00 | 80.00 | 86.00 | NOTE | |
r-oldrel-windows-x86_64 | 0.6.1 | 12.00 | 110.00 | 122.00 | NOTE | --no-vignettes |
Version: 0.6.1
Check: Rd files
Result: NOTE
checkRd: (-1) dprime.Rd:37: Lost braces in \itemize; \value handles \item{}{} directly
checkRd: (-1) dprime.Rd:38: Lost braces in \itemize; \value handles \item{}{} directly
checkRd: (-1) dprime.Rd:39: Lost braces in \itemize; \value handles \item{}{} directly
checkRd: (-1) dprime.Rd:40: Lost braces in \itemize; \value handles \item{}{} directly
checkRd: (-1) dprime.Rd:41: Lost braces in \itemize; \value handles \item{}{} directly
Flavors: r-devel-linux-x86_64-debian-clang, r-devel-linux-x86_64-debian-gcc, r-devel-linux-x86_64-fedora-clang, r-devel-linux-x86_64-fedora-gcc, r-patched-linux-x86_64, r-release-linux-x86_64, r-release-macos-arm64, r-release-macos-x86_64, r-oldrel-macos-arm64, r-oldrel-macos-x86_64
Version: 0.6.1
Check: HTML version of manual
Result: NOTE
Found the following HTML validation problems:
is.psychobject.html:46:1 (is.psychobject.Rd:10): Warning: missing </ul> before </div>
Flavor: r-devel-linux-x86_64-debian-clang
Version: 0.6.1
Flags: --no-vignettes
Check: Rd files
Result: NOTE
checkRd: (-1) dprime.Rd:37: Lost braces in \itemize; \value handles \item{}{} directly
checkRd: (-1) dprime.Rd:38: Lost braces in \itemize; \value handles \item{}{} directly
checkRd: (-1) dprime.Rd:39: Lost braces in \itemize; \value handles \item{}{} directly
checkRd: (-1) dprime.Rd:40: Lost braces in \itemize; \value handles \item{}{} directly
checkRd: (-1) dprime.Rd:41: Lost braces in \itemize; \value handles \item{}{} directly
Flavors: r-devel-windows-x86_64, r-release-windows-x86_64, r-oldrel-windows-x86_64