CRAN Package Check Results for Package pvda

Last updated on 2025-11-20 03:50:19 CET.

Flavor Version Tinstall Tcheck Ttotal Status Flags
r-devel-linux-x86_64-debian-clang 0.0.4 6.24 65.54 71.78 NOTE
r-devel-linux-x86_64-debian-gcc 0.0.4 3.58 45.21 48.79 NOTE
r-devel-linux-x86_64-fedora-clang 0.0.4 15.00 93.11 108.11 NOTE
r-devel-linux-x86_64-fedora-gcc 0.0.4 13.00 98.40 111.40 NOTE
r-devel-windows-x86_64 0.0.4 10.00 74.00 84.00 NOTE
r-patched-linux-x86_64 0.0.4 5.56 57.48 63.04 NOTE
r-release-linux-x86_64 0.0.4 5.83 58.55 64.38 NOTE
r-release-macos-arm64 0.0.4 NOTE
r-release-macos-x86_64 0.0.4 5.00 59.00 64.00 NOTE
r-release-windows-x86_64 0.0.4 8.00 74.00 82.00 NOTE
r-oldrel-macos-arm64 0.0.4 OK
r-oldrel-macos-x86_64 0.0.4 8.00 95.00 103.00 OK
r-oldrel-windows-x86_64 0.0.4 10.00 88.00 98.00 OK

Check Details

Version: 0.0.4
Check: DESCRIPTION meta-information
Result: NOTE Missing dependency on R >= 4.1.0 because package code uses the pipe |> or function shorthand \(...) syntax added in R 4.1.0. File(s) using such syntax: ‘da.Rd’ ‘da_object_oriented_functions.R’ ‘higher_level_disprop_analysis.R’ ‘lower_level_disprop_analysis.R’ ‘print.da.Rd’ Flavors: r-devel-linux-x86_64-debian-clang, r-devel-linux-x86_64-debian-gcc, r-devel-linux-x86_64-fedora-clang, r-devel-linux-x86_64-fedora-gcc, r-devel-windows-x86_64, r-patched-linux-x86_64, r-release-linux-x86_64, r-release-macos-arm64, r-release-windows-x86_64

Version: 0.0.4
Check: DESCRIPTION meta-information
Result: NOTE Missing dependency on R >= 4.1.0 because package code uses the pipe |> or function shorthand \(...) syntax added in R 4.1.0. File(s) using such syntax: ‘da_object_oriented_functions.R’ ‘higher_level_disprop_analysis.R’ ‘lower_level_disprop_analysis.R’ Flavor: r-release-macos-x86_64