Last updated on 2025-10-21 01:48:42 CEST.
Flavor | Version | Tinstall | Tcheck | Ttotal | Status | Flags |
---|---|---|---|---|---|---|
r-devel-linux-x86_64-debian-clang | 0.17.0 | 4.47 | 47.22 | 51.69 | OK | |
r-devel-linux-x86_64-debian-gcc | 0.17.0 | 3.31 | 34.35 | 37.66 | NOTE | |
r-devel-linux-x86_64-fedora-clang | 0.17.0 | 85.31 | OK | |||
r-devel-linux-x86_64-fedora-gcc | 0.17.0 | 92.58 | OK | |||
r-devel-windows-x86_64 | 0.17.0 | 8.00 | 74.00 | 82.00 | OK | |
r-patched-linux-x86_64 | 0.17.0 | 6.22 | 45.01 | 51.23 | OK | |
r-release-linux-x86_64 | 0.17.0 | 5.23 | 44.24 | 49.47 | OK | |
r-release-macos-arm64 | 0.17.0 | 42.00 | OK | |||
r-release-macos-x86_64 | 0.17.0 | 68.00 | OK | |||
r-release-windows-x86_64 | 0.17.0 | 9.00 | 75.00 | 84.00 | OK | |
r-oldrel-macos-arm64 | 0.17.0 | 30.00 | OK | |||
r-oldrel-macos-x86_64 | 0.17.0 | 50.00 | OK | |||
r-oldrel-windows-x86_64 | 0.17.0 | 10.00 | 85.00 | 95.00 | OK |
Version: 0.17.0
Check: HTML version of manual
Result: NOTE
Found the following HTML validation problems:
add_pxe_defaults.html:46:1 (add_pxe_defaults.Rd:10): Warning: missing </ul> before </div>
as_pxweb_levels.html:46:1 (as_pxweb_levels.Rd:10): Warning: missing </ul> before </div>
assert_pxweb.html:46:1 (assert_pxweb.Rd:10): Warning: missing </ul> before </div>
assert_pxweb_api_catalogue.html:46:1 (assert_pxweb_api_catalogue.Rd:10): Warning: missing </ul> before </div>
assert_pxweb_calls.html:46:1 (assert_pxweb_calls.Rd:10): Warning: missing </ul> before </div>
assert_pxweb_config.html:46:1 (assert_pxweb_config.Rd:10): Warning: missing </ul> before </div>
assert_pxweb_data.html:46:1 (assert_pxweb_data.Rd:10): Warning: missing </ul> before </div>
assert_pxweb_data_comments.html:46:1 (assert_pxweb_data_comments.Rd:10): Warning: missing </ul> before </div>
assert_pxweb_data_jsonstat.html:48:1 (assert_pxweb_data_jsonstat.Rd:11): Warning: missing </ul> before </div>
assert_pxweb_database_list.html:46:1 (assert_pxweb_database_list.Rd:10): Warning: missing </ul> before </div>
assert_pxweb_input_allowed.html:49:1 (assert_pxweb_input_allowed.Rd:13): Warning: missing </ul> before </div>
assert_pxweb_levels.html:46:1 (assert_pxweb_levels.Rd:10): Warning: missing </ul> before </div>
assert_pxweb_metadata.html:46:1 (assert_pxweb_metadata.Rd:10): Warning: missing </ul> before </div>
assert_pxweb_query.html:46:1 (assert_pxweb_query.Rd:10): Warning: missing </ul> before </div>
assert_pxweb_rda_file_path.html:46:1 (assert_pxweb_rda_file_path.Rd:10): Warning: missing </ul> before </div>
assert_pxweb_url.html:46:1 (assert_pxweb_url.Rd:10): Warning: missing </ul> before </div>
assert_query_can_be_split_to_batches.html:54:1 (assert_query_can_be_split_to_batches.Rd:14): Warning: missing </ul> before </div>
is_pxweb_config_response.html:46:1 (is_pxweb_config_response.Rd:10): Warning: missing </ul> before </div>
parse_url_or_fail.html:46:1 (parse_url_or_fail.Rd:10): Warning: missing </ul> before </div>
print.pxweb_api_catalogue_entry.html:51:1 (print.pxweb_api_catalogue_entry.Rd:12): Warning: missing </ul> before </div>
pxd_values_to_valuetexts.html:54:1 (pxd_values_to_valuetexts.Rd:14): Warning: missing </ul> before </div>
pxe_allowed_input.html:57:1 (pxe_allowed_input.Rd:21): Warning: missing </ul> before </div>
pxe_data_url.html:46:1 (pxe_data_url.Rd:10): Warning: missing </ul> before </div>
pxe_interactive_get_data.html:51:1 (pxe_interactive_get_data.Rd:13): Warning: missing </ul> before </div>
pxe_metadata_choices.html:52:1 (pxe_metadata_choices.Rd:15): Warning: missing </ul> before </div>
pxe_metadata_variable_names.html:46:1 (pxe_metadata_variable_names.Rd:10): Warning: missing </ul> before </div>
pxe_position_choice_size.html:48:1 (pxe_position_choice_size.Rd:13): Warning: missing </ul> before </div>
pxe_position_is_api_catalogue.html:46:1 (pxe_position_is_api_catalogue.Rd:10): Warning: missing </ul> before </div>
pxe_position_is_full_query.html:46:1 (pxe_position_is_full_query.Rd:10): Warning: missing </ul> before </div>
pxe_position_is_metadata.html:46:1 (pxe_position_is_metadata.Rd:10): Warning: missing </ul> before </div>
pxe_position_multiple_choice_allowed.html:46:1 (pxe_position_multiple_choice_allowed.Rd:10): Warning: missing </ul> before </div>
pxe_position_title.html:46:1 (pxe_position_title.Rd:10): Warning: missing </ul> before </div>
pxe_position_variable_can_be_eliminated.html:46:1 (pxe_position_variable_can_be_eliminated.Rd:10): Warning: missing </ul> before </div>
pxe_print_download_code.html:50:1 (pxe_print_download_code.Rd:12): Warning: missing </ul> before </div>
pxe_pxobj_at_position.html:48:1 (pxe_pxobj_at_position.Rd:13): Warning: missing </ul> before </div>
pxweb_add_call.html:50:1 (pxweb_add_call.Rd:10): Warning: missing </ul> before </div>
pxweb_api_catalogue_entry.html:51:1 (pxweb_api_catalogue_entry.Rd:16): Warning: missing </ul> before </div>
pxweb_as_json.html:49:1 (pxweb_as_json.Rd:13): Warning: missing </ul> before </div>
pxweb_c.html:46:1 (pxweb_c.Rd:10): Warning: missing </ul> before </div>
pxweb_data_c.html:46:1 (pxweb_data_c.Rd:10): Warning: missing </ul> before </div>
pxweb_data_column_comment.html:62:1 (pxweb_data_column_comment.Rd:22): Warning: missing </ul> before </div>
pxweb_data_dim.html:46:1 (pxweb_data_dim.Rd:10): Warning: missing </ul> before </div>
pxweb_fix_url.html:46:1 (pxweb_fix_url.Rd:10): Warning: missing </ul> before </div>
pxweb_get_api_test_data_frame.html:46:1 (pxweb_get_api_test_data_frame.Rd:10): Warning: missing </ul> before </div>
pxweb_interactive_input.html:50:1 (pxweb_interactive_input.Rd:12): Warning: missing </ul> before </div>
pxweb_metadata_dim.html:46:1 (pxweb_metadata_dim.Rd:10): Warning: missing </ul> before </div>
pxweb_parse_response.html:50:1 (pxweb_parse_response.Rd:13): Warning: missing </ul> before </div>
pxweb_query_dim.html:46:1 (pxweb_query_dim.Rd:10): Warning: missing </ul> before </div>
pxweb_tempdir.html:46:1 (pxweb_tempdir.Rd:10): Warning: missing </ul> before </div>
pxweb_test_create_api_paths.html:46:1 (pxweb_test_create_api_paths.Rd:10): Warning: missing </ul> before </div>
save_pxweb.html:54:1 (save_pxweb.Rd:22): Warning: missing </ul> before </div>
str_pad.html:58:1 (str_pad.Rd:16): Warning: missing </ul> before </div>
Flavor: r-devel-linux-x86_64-debian-gcc