Last updated on 2025-11-19 01:48:58 CET.
| Flavor | Version | Tinstall | Tcheck | Ttotal | Status | Flags |
|---|---|---|---|---|---|---|
| r-devel-linux-x86_64-debian-clang | 1.0.4 | 8.11 | 65.87 | 73.98 | NOTE | |
| r-devel-linux-x86_64-debian-gcc | 1.0.4 | 5.33 | 48.85 | 54.18 | NOTE | |
| r-devel-linux-x86_64-fedora-clang | 1.0.4 | 17.00 | 101.68 | 118.68 | OK | |
| r-devel-linux-x86_64-fedora-gcc | 1.0.4 | 16.00 | 108.63 | 124.63 | OK | |
| r-devel-windows-x86_64 | 1.0.4 | 12.00 | 93.00 | 105.00 | OK | |
| r-patched-linux-x86_64 | 1.0.4 | 8.29 | 63.46 | 71.75 | OK | |
| r-release-linux-x86_64 | 1.0.4 | 7.81 | 63.70 | 71.51 | OK | |
| r-release-macos-arm64 | 1.0.4 | 5.00 | 43.00 | 48.00 | OK | |
| r-release-macos-x86_64 | 1.0.4 | 8.00 | 96.00 | 104.00 | OK | |
| r-release-windows-x86_64 | 1.0.4 | 12.00 | 93.00 | 105.00 | OK | |
| r-oldrel-macos-arm64 | 1.0.4 | 5.00 | 35.00 | 40.00 | OK | |
| r-oldrel-macos-x86_64 | 1.0.4 | 11.00 | 71.00 | 82.00 | OK | |
| r-oldrel-windows-x86_64 | 1.0.4 | 11.00 | 110.00 | 121.00 | OK |
Version: 1.0.4
Check: CRAN incoming feasibility
Result: NOTE
Maintainer: ‘Brian S. Yandell <brian.yandell@wisc.edu>’
No Authors@R field in DESCRIPTION.
Please add one, modifying
Authors@R: c(person(given = c("Elias", "Chaibub"),
family = "Neto",
role = "aut",
email = "echaibub@hotmail.com"),
person(given = c("Brian", "S"),
family = "Yandell",
role = "aut",
email = "brian.yandell@wisc.edu"),
person(given = c("Brian", "S."),
family = "Yandell",
role = "cre",
email = "brian.yandell@wisc.edu"))
as necessary.
Flavors: r-devel-linux-x86_64-debian-clang, r-devel-linux-x86_64-debian-gcc