Last updated on 2025-10-27 02:49:33 CET.
| Flavor | Version | Tinstall | Tcheck | Ttotal | Status | Flags |
|---|---|---|---|---|---|---|
| r-devel-linux-x86_64-debian-clang | 0.2.4 | 74.37 | 212.03 | 286.40 | OK | |
| r-devel-linux-x86_64-debian-gcc | 0.2.4 | 50.59 | 152.48 | 203.07 | OK | |
| r-devel-linux-x86_64-fedora-clang | 0.2.4 | 147.00 | 313.88 | 460.88 | OK | |
| r-devel-linux-x86_64-fedora-gcc | 0.2.4 | 168.00 | 298.28 | 466.28 | OK | |
| r-devel-windows-x86_64 | 0.2.4 | 79.00 | 203.00 | 282.00 | OK | |
| r-patched-linux-x86_64 | 0.2.4 | 76.84 | 198.68 | 275.52 | OK | |
| r-release-linux-x86_64 | 0.2.4 | 77.02 | 199.34 | 276.36 | OK | |
| r-release-macos-arm64 | 0.2.4 | 45.00 | 105.00 | 150.00 | OK | |
| r-release-macos-x86_64 | 0.2.4 | 64.00 | 158.00 | 222.00 | OK | |
| r-release-windows-x86_64 | 0.2.4 | 86.00 | 265.00 | 351.00 | OK | |
| r-oldrel-macos-arm64 | 0.2.4 | 41.00 | 83.00 | 124.00 | NOTE | |
| r-oldrel-macos-x86_64 | 0.2.4 | 50.00 | 124.00 | 174.00 | NOTE | |
| r-oldrel-windows-x86_64 | 0.2.4 | 107.00 | 253.00 | 360.00 | OK |
Version: 0.2.4
Check: installed package size
Result: NOTE
installed size is 6.4Mb
sub-directories of 1Mb or more:
libs 5.4Mb
Flavors: r-oldrel-macos-arm64, r-oldrel-macos-x86_64