CRAN Package Check Results for Package quantkriging

Last updated on 2025-10-22 01:51:35 CEST.

Flavor Version Tinstall Tcheck Ttotal Status Flags
r-devel-linux-x86_64-debian-clang 0.1.0 2.78 50.92 53.70 OK
r-devel-linux-x86_64-debian-gcc 0.1.0 1.80 35.84 37.64 OK
r-devel-linux-x86_64-fedora-clang 0.1.0 82.14 OK
r-devel-linux-x86_64-fedora-gcc 0.1.0 79.69 OK
r-devel-windows-x86_64 0.1.0 4.00 63.00 67.00 OK
r-patched-linux-x86_64 0.1.0 2.23 47.70 49.93 OK
r-release-linux-x86_64 0.1.0 2.71 48.35 51.06 OK
r-release-macos-arm64 0.1.0 2.00 24.00 26.00 OK
r-release-macos-x86_64 0.1.0 2.00 43.00 45.00 OK
r-release-windows-x86_64 0.1.0 4.00 64.00 68.00 OK
r-oldrel-macos-arm64 0.1.0 1.00 23.00 24.00 NOTE
r-oldrel-macos-x86_64 0.1.0 2.00 38.00 40.00 NOTE
r-oldrel-windows-x86_64 0.1.0 5.00 79.00 84.00 NOTE

Check Details

Version: 0.1.0
Check: LazyData
Result: NOTE 'LazyData' is specified without a 'data' directory Flavors: r-oldrel-macos-arm64, r-oldrel-macos-x86_64, r-oldrel-windows-x86_64