Last updated on 2025-10-22 01:51:35 CEST.
Flavor | Version | Tinstall | Tcheck | Ttotal | Status | Flags |
---|---|---|---|---|---|---|
r-devel-linux-x86_64-debian-clang | 1.2.0 | 22.37 | 65.17 | 87.54 | NOTE | |
r-devel-linux-x86_64-debian-gcc | 1.2.0 | 12.42 | 47.89 | 60.31 | NOTE | |
r-devel-linux-x86_64-fedora-clang | 1.2.0 | 67.00 | 77.73 | 144.73 | OK | |
r-devel-linux-x86_64-fedora-gcc | 1.2.0 | 43.00 | 105.70 | 148.70 | OK | |
r-devel-windows-x86_64 | 1.2.0 | 27.00 | 97.00 | 124.00 | OK | |
r-patched-linux-x86_64 | 1.2.0 | 21.82 | 59.47 | 81.29 | OK | |
r-release-linux-x86_64 | 1.2.0 | 18.08 | 59.02 | 77.10 | OK | |
r-release-macos-arm64 | 1.2.0 | 9.00 | 38.00 | 47.00 | OK | |
r-release-macos-x86_64 | 1.2.0 | 16.00 | 75.00 | 91.00 | OK | |
r-release-windows-x86_64 | 1.2.0 | 29.00 | 94.00 | 123.00 | OK | |
r-oldrel-macos-arm64 | 1.2.0 | 10.00 | 37.00 | 47.00 | OK | |
r-oldrel-macos-x86_64 | 1.2.0 | 12.00 | 56.00 | 68.00 | OK | |
r-oldrel-windows-x86_64 | 1.2.0 | 33.00 | 116.00 | 149.00 | OK |
Version: 1.2.0
Check: HTML version of manual
Result: NOTE
Found the following HTML validation problems:
summary.queue_list.html:51:1 (summary.queue_list.Rd:12): Warning: missing </ul> before </div>
Flavors: r-devel-linux-x86_64-debian-clang, r-devel-linux-x86_64-debian-gcc