Last updated on 2025-11-20 02:49:23 CET.
| Flavor | Version | Tinstall | Tcheck | Ttotal | Status | Flags |
|---|---|---|---|---|---|---|
| r-devel-linux-x86_64-debian-clang | 0.3.3 | 4.20 | 43.10 | 47.30 | NOTE | |
| r-devel-linux-x86_64-debian-gcc | 0.3.3 | 3.39 | 32.25 | 35.64 | NOTE | |
| r-devel-linux-x86_64-fedora-clang | 0.3.3 | 12.00 | 57.15 | 69.15 | NOTE | |
| r-devel-linux-x86_64-fedora-gcc | 0.3.3 | 65.50 | NOTE | |||
| r-devel-windows-x86_64 | 0.3.3 | 8.00 | 63.00 | 71.00 | NOTE | |
| r-patched-linux-x86_64 | 0.3.3 | 3.40 | 37.57 | 40.97 | NOTE | |
| r-release-linux-x86_64 | 0.3.3 | 4.02 | 37.50 | 41.52 | NOTE | |
| r-release-macos-arm64 | 0.3.3 | NOTE | ||||
| r-release-macos-x86_64 | 0.3.3 | 5.00 | 36.00 | 41.00 | NOTE | |
| r-release-windows-x86_64 | 0.3.3 | 7.00 | 57.00 | 64.00 | NOTE | |
| r-oldrel-macos-arm64 | 0.3.3 | OK | ||||
| r-oldrel-macos-x86_64 | 0.3.3 | 5.00 | 39.00 | 44.00 | OK | |
| r-oldrel-windows-x86_64 | 0.3.3 | 9.00 | 67.00 | 76.00 | OK |
Version: 0.3.3
Check: DESCRIPTION meta-information
Result: NOTE
Missing dependency on R >= 4.1.0 because package code uses the pipe
|> or function shorthand \(...) syntax added in R 4.1.0.
File(s) using such syntax:
‘ao_get_leaners_progress_by_course.R’
Flavors: r-devel-linux-x86_64-debian-clang, r-devel-linux-x86_64-debian-gcc, r-devel-linux-x86_64-fedora-clang, r-devel-linux-x86_64-fedora-gcc, r-devel-windows-x86_64, r-patched-linux-x86_64, r-release-linux-x86_64, r-release-macos-arm64, r-release-macos-x86_64, r-release-windows-x86_64