Last updated on 2025-10-22 01:51:35 CEST.
Flavor | Version | Tinstall | Tcheck | Ttotal | Status | Flags |
---|---|---|---|---|---|---|
r-devel-linux-x86_64-debian-clang | 1.1.4 | 15.31 | 34.18 | 49.49 | NOTE | |
r-devel-linux-x86_64-debian-gcc | 1.1.4 | 10.55 | 26.53 | 37.08 | NOTE | |
r-devel-linux-x86_64-fedora-clang | 1.1.4 | 42.00 | 37.37 | 79.37 | OK | |
r-devel-linux-x86_64-fedora-gcc | 1.1.4 | 36.00 | 39.75 | 75.75 | OK | |
r-devel-windows-x86_64 | 1.1.4 | 16.00 | 70.00 | 86.00 | OK | |
r-patched-linux-x86_64 | 1.1.4 | 15.73 | 32.49 | 48.22 | OK | |
r-release-linux-x86_64 | 1.1.4 | 15.13 | 32.56 | 47.69 | OK | |
r-release-macos-arm64 | 1.1.4 | 7.00 | 21.00 | 28.00 | OK | |
r-release-macos-x86_64 | 1.1.4 | 10.00 | 31.00 | 41.00 | OK | |
r-release-windows-x86_64 | 1.1.4 | 18.00 | 72.00 | 90.00 | OK | |
r-oldrel-macos-arm64 | 1.1.4 | 7.00 | 20.00 | 27.00 | OK | |
r-oldrel-macos-x86_64 | 1.1.4 | 12.00 | 34.00 | 46.00 | OK | |
r-oldrel-windows-x86_64 | 1.1.4 | 22.00 | 80.00 | 102.00 | OK |
Version: 1.1.4
Check: CRAN incoming feasibility
Result: NOTE
Maintainer: ‘Zhaozhi Qian <qianzhaozhi@connect.hku.hk>’
No Authors@R field in DESCRIPTION.
Please add one, modifying
Authors@R: person(given = "Zhaozhi",
family = "Qian",
role = c("aut", "cre"),
email = "qianzhaozhi@connect.hku.hk")
as necessary.
Flavors: r-devel-linux-x86_64-debian-clang, r-devel-linux-x86_64-debian-gcc
Version: 1.1.4
Check: HTML version of manual
Result: NOTE
Found the following HTML validation problems:
GenerateExample.html:57:1 (GenerateExample.Rd:14): Warning: missing </ul> before </div>
GenerateExampleTopQ.html:53:1 (GenerateExampleTopQ.Rd:12): Warning: missing </ul> before </div>
ModelSummary.html:47:1 (ModelSummary.Rd:10): Warning: missing </ul> before </div>
Flavors: r-devel-linux-x86_64-debian-clang, r-devel-linux-x86_64-debian-gcc