Last updated on 2025-10-27 02:49:34 CET.
| Flavor | Version | Tinstall | Tcheck | Ttotal | Status | Flags |
|---|---|---|---|---|---|---|
| r-devel-linux-x86_64-debian-clang | 0.2.0 | 4.74 | 45.69 | 50.43 | OK | |
| r-devel-linux-x86_64-debian-gcc | 0.2.0 | 3.73 | 35.27 | 39.00 | OK | |
| r-devel-linux-x86_64-fedora-clang | 0.2.0 | 11.00 | 67.56 | 78.56 | OK | |
| r-devel-linux-x86_64-fedora-gcc | 0.2.0 | 86.63 | OK | |||
| r-devel-windows-x86_64 | 0.2.0 | 6.00 | 60.00 | 66.00 | OK | |
| r-patched-linux-x86_64 | 0.2.0 | 4.62 | 43.30 | 47.92 | OK | |
| r-release-linux-x86_64 | 0.2.0 | 4.65 | 43.13 | 47.78 | OK | |
| r-release-macos-arm64 | 0.2.0 | 3.00 | 37.00 | 40.00 | OK | |
| r-release-macos-x86_64 | 0.2.0 | 4.00 | 58.00 | 62.00 | OK | |
| r-release-windows-x86_64 | 0.2.0 | 7.00 | 63.00 | 70.00 | OK | |
| r-oldrel-macos-arm64 | 0.2.0 | 2.00 | 36.00 | 38.00 | NOTE | |
| r-oldrel-macos-x86_64 | 0.2.0 | 3.00 | 51.00 | 54.00 | NOTE | |
| r-oldrel-windows-x86_64 | 0.2.0 | 8.00 | 76.00 | 84.00 | NOTE |
Version: 0.2.0
Check: LazyData
Result: NOTE
'LazyData' is specified without a 'data' directory
Flavors: r-oldrel-macos-arm64, r-oldrel-macos-x86_64, r-oldrel-windows-x86_64