Last updated on 2025-11-20 03:50:20 CET.
| Flavor | Version | Tinstall | Tcheck | Ttotal | Status | Flags |
|---|---|---|---|---|---|---|
| r-devel-linux-x86_64-debian-clang | 1.0.0 | 1.62 | 17.65 | 19.27 | OK | |
| r-devel-linux-x86_64-debian-gcc | 1.0.0 | 1.38 | 14.86 | 16.24 | OK | |
| r-devel-linux-x86_64-fedora-clang | 1.0.0 | 28.40 | OK | |||
| r-devel-linux-x86_64-fedora-gcc | 1.0.0 | 26.78 | OK | |||
| r-devel-windows-x86_64 | 1.0.0 | 3.00 | 36.00 | 39.00 | OK | |
| r-patched-linux-x86_64 | 1.0.0 | 1.69 | 16.60 | 18.29 | OK | |
| r-release-linux-x86_64 | 1.0.0 | 1.59 | 16.81 | 18.40 | OK | |
| r-release-macos-arm64 | 1.0.0 | OK | ||||
| r-release-macos-x86_64 | 1.0.0 | 2.00 | 22.00 | 24.00 | OK | |
| r-release-windows-x86_64 | 1.0.0 | 2.00 | 38.00 | 40.00 | OK | |
| r-oldrel-macos-arm64 | 1.0.0 | NOTE | ||||
| r-oldrel-macos-x86_64 | 1.0.0 | 1.00 | 17.00 | 18.00 | NOTE | |
| r-oldrel-windows-x86_64 | 1.0.0 | 2.00 | 40.00 | 42.00 | NOTE |
Version: 1.0.0
Check: LazyData
Result: NOTE
'LazyData' is specified without a 'data' directory
Flavors: r-oldrel-macos-arm64, r-oldrel-macos-x86_64, r-oldrel-windows-x86_64