Last updated on 2025-10-25 01:51:13 CEST.
| Flavor | Version | Tinstall | Tcheck | Ttotal | Status | Flags |
|---|---|---|---|---|---|---|
| r-devel-linux-x86_64-debian-clang | 0.1.1 | 1.63 | 22.97 | 24.60 | OK | |
| r-devel-linux-x86_64-debian-gcc | 0.1.1 | 1.41 | 19.42 | 20.83 | OK | |
| r-devel-linux-x86_64-fedora-clang | 0.1.1 | 34.26 | OK | |||
| r-devel-linux-x86_64-fedora-gcc | 0.1.1 | 33.16 | OK | |||
| r-devel-windows-x86_64 | 0.1.1 | 3.00 | 41.00 | 44.00 | OK | |
| r-patched-linux-x86_64 | 0.1.1 | 1.76 | 20.84 | 22.60 | OK | |
| r-release-linux-x86_64 | 0.1.1 | 1.52 | 20.73 | 22.25 | OK | |
| r-release-macos-arm64 | 0.1.1 | 1.00 | 16.00 | 17.00 | OK | |
| r-release-macos-x86_64 | 0.1.1 | 2.00 | 23.00 | 25.00 | OK | |
| r-release-windows-x86_64 | 0.1.1 | 3.00 | 42.00 | 45.00 | OK | |
| r-oldrel-macos-arm64 | 0.1.1 | 1.00 | 13.00 | 14.00 | NOTE | |
| r-oldrel-macos-x86_64 | 0.1.1 | 1.00 | 21.00 | 22.00 | NOTE | |
| r-oldrel-windows-x86_64 | 0.1.1 | 3.00 | 48.00 | 51.00 | NOTE |
Version: 0.1.1
Check: LazyData
Result: NOTE
'LazyData' is specified without a 'data' directory
Flavors: r-oldrel-macos-arm64, r-oldrel-macos-x86_64, r-oldrel-windows-x86_64