CRAN Package Check Results for Package ravecore

Last updated on 2025-10-21 01:48:43 CEST.

Flavor Version Tinstall Tcheck Ttotal Status Flags
r-devel-linux-x86_64-debian-clang 0.1.0 38.44 117.11 155.55 OK
r-devel-linux-x86_64-debian-gcc 0.1.0 21.64 82.27 103.91 NOTE
r-devel-linux-x86_64-fedora-clang 0.1.0 238.83 OK
r-devel-linux-x86_64-fedora-gcc 0.1.0 222.10 OK
r-devel-windows-x86_64 0.1.0 34.00 127.00 161.00 OK
r-patched-linux-x86_64 0.1.0 36.41 110.78 147.19 OK
r-release-linux-x86_64 0.1.0 36.67 110.09 146.76 OK
r-release-macos-arm64 0.1.0 59.00 OK
r-release-macos-x86_64 0.1.0 140.00 OK
r-release-windows-x86_64 0.1.0 41.00 131.00 172.00 OK
r-oldrel-macos-arm64 0.1.0 60.00 OK
r-oldrel-macos-x86_64 0.1.0 140.00 OK
r-oldrel-windows-x86_64 0.1.0 50.00 162.00 212.00 OK

Check Details

Version: 0.1.0
Check: HTML version of manual
Result: NOTE Found the following HTML validation problems: Auxiliary_electrode.html:555:1 (Auxiliary_electrode.Rd:325): Warning: missing </ul> before </div> Auxiliary_electrode.html:168:1 (Auxiliary_electrode.Rd:88): Warning: <h5> anchor "Usage" already defined Auxiliary_electrode.html:174:1 (Auxiliary_electrode.Rd:92): Warning: <h5> anchor "Arguments" already defined Auxiliary_electrode.html:197:1 (Auxiliary_electrode.Rd:105): Warning: <h5> anchor "Usage" already defined Auxiliary_electrode.html:213:1 (Auxiliary_electrode.Rd:115): Warning: <h5> anchor "Usage" already defined Auxiliary_electrode.html:219:1 (Auxiliary_electrode.Rd:119): Warning: <h5> anchor "Arguments" already defined Auxiliary_electrode.html:242:1 (Auxiliary_electrode.Rd:132): Warning: <h5> anchor "Usage" already defined Auxiliary_electrode.html:248:1 (Auxiliary_electrode.Rd:136): Warning: <h5> anchor "Arguments" already defined Auxiliary_electrode.html:272:1 (Auxiliary_electrode.Rd:150): Warning: <h5> anchor "Usage" already defined Auxiliary_electrode.html:278:1 (Auxiliary_electrode.Rd:154): Warning: <h5> anchor "Arguments" already defined Auxiliary_electrode.html:303:1 (Auxiliary_electrode.Rd:169): Warning: <h5> anchor "Usage" already defined Auxiliary_electrode.html:309:1 (Auxiliary_electrode.Rd:173): Warning: <h5> anchor "Arguments" already defined Auxiliary_electrode.html:332:1 (Auxiliary_electrode.Rd:186): Warning: <h5> anchor "Usage" already defined Auxiliary_electrode.html:338:1 (Auxiliary_electrode.Rd:190): Warning: <h5> anchor "Arguments" already defined Auxiliary_electrode.html:368:1 (Auxiliary_electrode.Rd:210): Warning: <h5> anchor "Usage" already defined Auxiliary_electrode.html:376:1 (Auxiliary_electrode.Rd:216): Warning: <h5> anchor "Arguments" already defined Auxiliary_electrode.html:400:1 (Auxiliary_electrode.Rd:230): Warning: <h5> anchor "Usage" already defined Auxiliary_electrode.html:410:1 (Auxiliary_electrode.Rd:238): Warning: <h5> anchor "Arguments" already defined Auxiliary_electrode.html:442:1 (Auxiliary_electrode.Rd:260): Warning: <h5> anchor "Usage" already defined Auxiliary_electrode.html:451:1 (Auxiliary_electrode.Rd:267): Warning: <h5> anchor "Arguments" already defined Auxiliary_electrode.html:474:1 (Auxiliary_electrode.Rd:280): Warning: <h5> anchor "Usage" already defined Auxiliary_electrode.html:480:1 (Auxiliary_electrode.Rd:284): Warning: <h5> anchor "Arguments" already defined Auxiliary_electrode.html:503:1 (Auxiliary_electrode.Rd:297): Warning: <h5> anchor "Usage" already defined Auxiliary_electrode.html:509:1 (Auxiliary_electrode.Rd:301): Warning: <h5> anchor "Arguments" already defined Auxiliary_electrode.html:532:1 (Auxiliary_electrode.Rd:314): Warning: <h5> anchor "Usage" already defined Auxiliary_electrode.html:538:1 (Auxiliary_electrode.Rd:318): Warning: <h5> anchor "Arguments" already defined LFP_electrode.html:186:1 (LFP_electrode.Rd:140): Warning: <h5> anchor "Usage" already defined LFP_electrode.html:192:1 (LFP_electrode.Rd:144): Warning: <h5> anchor "Arguments" already defined LFP_electrode.html:215:1 (LFP_electrode.Rd:157): Warning: <h5> anchor "Usage" already defined LFP_electrode.html:231:1 (LFP_electrode.Rd:167): Warning: <h5> anchor "Usage" already defined LFP_electrode.html:237:1 (LFP_electrode.Rd:171): Warning: <h5> anchor "Arguments" already defined LFP_electrode.html:260:1 (LFP_electrode.Rd:184): Warning: <h5> anchor "Usage" already defined LFP_electrode.html:266:1 (LFP_electrode.Rd:188): Warning: <h5> anchor "Arguments" already defined LFP_electrode.html:290:1 (LFP_electrode.Rd:202): Warning: <h5> anchor "Usage" already defined LFP_electrode.html:296:1 (LFP_electrode.Rd:206): Warning: <h5> anchor "Arguments" already defined LFP_electrode.html:319:1 (LFP_electrode.Rd:219): Warning: <h5> anchor "Usage" already defined LFP_electrode.html:325:1 (LFP_electrode.Rd:223): Warning: <h5> anchor "Arguments" already defined LFP_electrode.html:350:1 (LFP_electrode.Rd:238): Warning: <h5> anchor "Usage" already defined LFP_electrode.html:359:1 (LFP_electrode.Rd:245): Warning: <h5> anchor "Arguments" already defined LFP_electrode.html:384:1 (LFP_electrode.Rd:260): Warning: <h5> anchor "Usage" already defined LFP_electrode.html:390:1 (LFP_electrode.Rd:264): Warning: <h5> anchor "Arguments" already defined LFP_electrode.html:413:1 (LFP_electrode.Rd:277): Warning: <h5> anchor "Usage" already defined LFP_electrode.html:419:1 (LFP_electrode.Rd:281): Warning: <h5> anchor "Arguments" already defined LFP_electrode.html:442:1 (LFP_electrode.Rd:294): Warning: <h5> anchor "Usage" already defined LFP_electrode.html:450:1 (LFP_electrode.Rd:300): Warning: <h5> anchor "Arguments" already defined LFP_electrode.html:480:1 (LFP_electrode.Rd:320): Warning: <h5> anchor "Usage" already defined LFP_electrode.html:488:1 (LFP_electrode.Rd:326): Warning: <h5> anchor "Arguments" already defined LFP_electrode.html:512:1 (LFP_electrode.Rd:340): Warning: <h5> anchor "Usage" already defined LFP_electrode.html:522:1 (LFP_electrode.Rd:348): Warning: <h5> anchor "Arguments" already defined LFP_electrode.html:554:1 (LFP_electrode.Rd:370): Warning: <h5> anchor "Usage" already defined LFP_electrode.html:563:1 (LFP_electrode.Rd:377): Warning: <h5> anchor "Arguments" already defined LFP_electrode.html:586:1 (LFP_electrode.Rd:390): Warning: <h5> anchor "Usage" already defined LFP_electrode.html:592:1 (LFP_electrode.Rd:394): Warning: <h5> anchor "Arguments" already defined LFP_electrode.html:615:1 (LFP_electrode.Rd:407): Warning: <h5> anchor "Usage" already defined LFP_electrode.html:621:1 (LFP_electrode.Rd:411): Warning: <h5> anchor "Arguments" already defined LFP_electrode.html:644:1 (LFP_electrode.Rd:424): Warning: <h5> anchor "Usage" already defined LFP_electrode.html:650:1 (LFP_electrode.Rd:428): Warning: <h5> anchor "Arguments" already defined LFP_reference.html:183:1 (LFP_reference.Rd:140): Warning: <h5> anchor "Usage" already defined LFP_reference.html:189:1 (LFP_reference.Rd:144): Warning: <h5> anchor "Arguments" already defined LFP_reference.html:212:1 (LFP_reference.Rd:157): Warning: <h5> anchor "Usage" already defined LFP_reference.html:228:1 (LFP_reference.Rd:167): Warning: <h5> anchor "Usage" already defined LFP_reference.html:234:1 (LFP_reference.Rd:171): Warning: <h5> anchor "Arguments" already defined LFP_reference.html:257:1 (LFP_reference.Rd:184): Warning: <h5> anchor "Usage" already defined LFP_reference.html:263:1 (LFP_reference.Rd:188): Warning: <h5> anchor "Arguments" already defined LFP_reference.html:287:1 (LFP_reference.Rd:202): Warning: <h5> anchor "Usage" already defined LFP_reference.html:293:1 (LFP_reference.Rd:206): Warning: <h5> anchor "Arguments" already defined LFP_reference.html:316:1 (LFP_reference.Rd:219): Warning: <h5> anchor "Usage" already defined LFP_reference.html:322:1 (LFP_reference.Rd:223): Warning: <h5> anchor "Arguments" already defined LFP_reference.html:347:1 (LFP_reference.Rd:238): Warning: <h5> anchor "Usage" already defined LFP_reference.html:356:1 (LFP_reference.Rd:245): Warning: <h5> anchor "Arguments" already defined LFP_reference.html:381:1 (LFP_reference.Rd:260): Warning: <h5> anchor "Usage" already defined LFP_reference.html:387:1 (LFP_reference.Rd:264): Warning: <h5> anchor "Arguments" already defined LFP_reference.html:410:1 (LFP_reference.Rd:277): Warning: <h5> anchor "Usage" already defined LFP_reference.html:418:1 (LFP_reference.Rd:283): Warning: <h5> anchor "Arguments" already defined LFP_reference.html:443:1 (LFP_reference.Rd:298): Warning: <h5> anchor "Usage" already defined LFP_reference.html:453:1 (LFP_reference.Rd:306): Warning: <h5> anchor "Arguments" already defined LFP_reference.html:483:1 (LFP_reference.Rd:326): Warning: <h5> anchor "Usage" already defined LFP_reference.html:492:1 (LFP_reference.Rd:333): Warning: <h5> anchor "Arguments" already defined LFP_reference.html:515:1 (LFP_reference.Rd:346): Warning: <h5> anchor "Usage" already defined LFP_reference.html:521:1 (LFP_reference.Rd:350): Warning: <h5> anchor "Arguments" already defined LFP_reference.html:544:1 (LFP_reference.Rd:363): Warning: <h5> anchor "Usage" already defined LFP_reference.html:550:1 (LFP_reference.Rd:367): Warning: <h5> anchor "Arguments" already defined LFP_reference.html:573:1 (LFP_reference.Rd:380): Warning: <h5> anchor "Usage" already defined LFP_reference.html:579:1 (LFP_reference.Rd:384): Warning: <h5> anchor "Arguments" already defined RAVEAbstarctElectrode.html:207:1 (RAVEAbstarctElectrode.Rd:164): Warning: <h5> anchor "Usage" already defined RAVEAbstarctElectrode.html:213:1 (RAVEAbstarctElectrode.Rd:168): Warning: <h5> anchor "Arguments" already defined RAVEAbstarctElectrode.html:236:1 (RAVEAbstarctElectrode.Rd:181): Warning: <h5> anchor "Usage" already defined RAVEAbstarctElectrode.html:242:1 (RAVEAbstarctElectrode.Rd:185): Warning: <h5> anchor "Arguments" already defined RAVEAbstarctElectrode.html:273:1 (RAVEAbstarctElectrode.Rd:206): Warning: <h5> anchor "Usage" already defined RAVEAbstarctElectrode.html:279:1 (RAVEAbstarctElectrode.Rd:210): Warning: <h5> anchor "Arguments" already defined RAVEAbstarctElectrode.html:302:1 (RAVEAbstarctElectrode.Rd:223): Warning: <h5> anchor "Usage" already defined RAVEAbstarctElectrode.html:308:1 (RAVEAbstarctElectrode.Rd:227): Warning: <h5> anchor "Arguments" already defined RAVEAbstarctElectrode.html:331:1 (RAVEAbstarctElectrode.Rd:240): Warning: <h5> anchor "Usage" already defined RAVEAbstarctElectrode.html:337:1 (RAVEAbstarctElectrode.Rd:244): Warning: <h5> anchor "Arguments" already defined RAVEAbstarctElectrode.html:362:1 (RAVEAbstarctElectrode.Rd:259): Warning: <h5> anchor "Usage" already defined RAVEAbstarctElectrode.html:368:1 (RAVEAbstarctElectrode.Rd:263): Warning: <h5> anchor "Arguments" already defined RAVEAbstarctElectrode.html:391:1 (RAVEAbstarctElectrode.Rd:276): Warning: <h5> anchor "Usage" already defined RAVEAbstarctElectrode.html:397:1 (RAVEAbstarctElectrode.Rd:280): Warning: <h5> anchor "Arguments" already defined RAVEAbstarctElectrode.html:421:1 (RAVEAbstarctElectrode.Rd:294): Warning: <h5> anchor "Usage" already defined RAVEAbstarctElectrode.html:427:1 (RAVEAbstarctElectrode.Rd:298): Warning: <h5> anchor "Arguments" already defined RAVEAbstarctElectrode.html:455:1 (RAVEAbstarctElectrode.Rd:316): Warning: <h5> anchor "Usage" already defined RAVEAbstarctElectrode.html:461:1 (RAVEAbstarctElectrode.Rd:320): Warning: <h5> anchor "Arguments" already defined RAVEAbstarctElectrode.html:484:1 (RAVEAbstarctElectrode.Rd:333): Warning: <h5> anchor "Usage" already defined RAVEAbstarctElectrode.html:490:1 (RAVEAbstarctElectrode.Rd:337): Warning: <h5> anchor "Arguments" already defined RAVEAbstarctElectrode.html:513:1 (RAVEAbstarctElectrode.Rd:350): Warning: <h5> anchor "Usage" already defined RAVEAbstarctElectrode.html:519:1 (RAVEAbstarctElectrode.Rd:354): Warning: <h5> anchor "Arguments" already defined RAVEEpoch.html:182:1 (RAVEEpoch.Rd:139): Warning: <h5> anchor "Usage" already defined RAVEEpoch.html:188:1 (RAVEEpoch.Rd:143): Warning: <h5> anchor "Arguments" already defined RAVEEpoch.html:211:1 (RAVEEpoch.Rd:156): Warning: <h5> anchor "Usage" already defined RAVEEpoch.html:217:1 (RAVEEpoch.Rd:160): Warning: <h5> anchor "Arguments" already defined RAVEEpoch.html:243:1 (RAVEEpoch.Rd:176): Warning: <h5> anchor "Usage" already defined RAVEEpoch.html:249:1 (RAVEEpoch.Rd:180): Warning: <h5> anchor "Arguments" already defined RAVEEpoch.html:274:1 (RAVEEpoch.Rd:195): Warning: <h5> anchor "Usage" already defined RAVEEpoch.html:290:1 (RAVEEpoch.Rd:205): Warning: <h5> anchor "Usage" already defined RAVEEpoch.html:296:1 (RAVEEpoch.Rd:209): Warning: <h5> anchor "Arguments" already defined RAVEEpoch.html:327:1 (RAVEEpoch.Rd:230): Warning: <h5> anchor "Usage" already defined RAVEEpoch.html:336:1 (RAVEEpoch.Rd:237): Warning: <h5> anchor "Arguments" already defined RAVEEpoch.html:364:1 (RAVEEpoch.Rd:255): Warning: <h5> anchor "Usage" already defined RAVEEpoch.html:373:1 (RAVEEpoch.Rd:262): Warning: <h5> anchor "Arguments" already defined RAVEEpoch.html:401:1 (RAVEEpoch.Rd:280): Warning: <h5> anchor "Usage" already defined RAVEEpoch.html:407:1 (RAVEEpoch.Rd:284): Warning: <h5> anchor "Arguments" already defined RAVEPreprocessSettings.html:232:1 (RAVEPreprocessSettings.Rd:169): Warning: <h5> anchor "Usage" already defined RAVEPreprocessSettings.html:238:1 (RAVEPreprocessSettings.Rd:173): Warning: <h5> anchor "Arguments" already defined RAVEPreprocessSettings.html:261:1 (RAVEPreprocessSettings.Rd:186): Warning: <h5> anchor "Usage" already defined RAVEPreprocessSettings.html:267:1 (RAVEPreprocessSettings.Rd:190): Warning: <h5> anchor "Arguments" already defined RAVEPreprocessSettings.html:292:1 (RAVEPreprocessSettings.Rd:205): Warning: <h5> anchor "Usage" already defined RAVEPreprocessSettings.html:308:1 (RAVEPreprocessSettings.Rd:215): Warning: <h5> anchor "Usage" already defined RAVEPreprocessSettings.html:324:1 (RAVEPreprocessSettings.Rd:225): Warning: <h5> anchor "Usage" already defined RAVEPreprocessSettings.html:330:1 (RAVEPreprocessSettings.Rd:229): Warning: <h5> anchor "Arguments" already defined RAVEPreprocessSettings.html:356:1 (RAVEPreprocessSettings.Rd:245): Warning: <h5> anchor "Usage" already defined RAVEPreprocessSettings.html:366:1 (RAVEPreprocessSettings.Rd:253): Warning: <h5> anchor "Arguments" already defined RAVEPreprocessSettings.html:395:1 (RAVEPreprocessSettings.Rd:272): Warning: <h5> anchor "Usage" already defined RAVEPreprocessSettings.html:405:1 (RAVEPreprocessSettings.Rd:280): Warning: <h5> anchor "Arguments" already defined RAVEPreprocessSettings.html:432:1 (RAVEPreprocessSettings.Rd:297): Warning: <h5> anchor "Usage" already defined RAVEPreprocessSettings.html:438:1 (RAVEPreprocessSettings.Rd:301): Warning: <h5> anchor "Arguments" already defined RAVEPreprocessSettings.html:464:1 (RAVEPreprocessSettings.Rd:317): Warning: <h5> anchor "Usage" already defined RAVEPreprocessSettings.html:470:1 (RAVEPreprocessSettings.Rd:321): Warning: <h5> anchor "Arguments" already defined RAVEPreprocessSettings.html:493:1 (RAVEPreprocessSettings.Rd:334): Warning: <h5> anchor "Usage" already defined RAVEPreprocessSettings.html:499:1 (RAVEPreprocessSettings.Rd:338): Warning: <h5> anchor "Arguments" already defined RAVEPreprocessSettings.html:522:1 (RAVEPreprocessSettings.Rd:351): Warning: <h5> anchor "Usage" already defined RAVEPreprocessSettings.html:538:1 (RAVEPreprocessSettings.Rd:361): Warning: <h5> anchor "Usage" already defined RAVEPreprocessSettings.html:544:1 (RAVEPreprocessSettings.Rd:365): Warning: <h5> anchor "Arguments" already defined RAVEPreprocessSettings.html:567:1 (RAVEPreprocessSettings.Rd:378): Warning: <h5> anchor "Usage" already defined RAVEPreprocessSettings.html:573:1 (RAVEPreprocessSettings.Rd:382): Warning: <h5> anchor "Arguments" already defined RAVEProject.html:414:1 (RAVEProject.Rd:240): Warning: missing </ul> before </div> RAVEProject.html:152:1 (RAVEProject.Rd:80): Warning: <h5> anchor "Usage" already defined RAVEProject.html:158:1 (RAVEProject.Rd:84): Warning: <h5> anchor "Arguments" already defined RAVEProject.html:181:1 (RAVEProject.Rd:97): Warning: <h5> anchor "Usage" already defined RAVEProject.html:187:1 (RAVEProject.Rd:101): Warning: <h5> anchor "Arguments" already defined RAVEProject.html:210:1 (RAVEProject.Rd:114): Warning: <h5> anchor "Usage" already defined RAVEProject.html:216:1 (RAVEProject.Rd:118): Warning: <h5> anchor "Arguments" already defined RAVEProject.html:239:1 (RAVEProject.Rd:131): Warning: <h5> anchor "Usage" already defined RAVEProject.html:245:1 (RAVEProject.Rd:135): Warning: <h5> anchor "Arguments" already defined RAVEProject.html:273:1 (RAVEProject.Rd:153): Warning: <h5> anchor "Usage" already defined RAVEProject.html:289:1 (RAVEProject.Rd:163): Warning: <h5> anchor "Usage" already defined RAVEProject.html:295:1 (RAVEProject.Rd:167): Warning: <h5> anchor "Arguments" already defined RAVEProject.html:318:1 (RAVEProject.Rd:180): Warning: <h5> anchor "Usage" already defined RAVEProject.html:324:1 (RAVEProject.Rd:184): Warning: <h5> anchor "Arguments" already defined RAVEProject.html:350:1 (RAVEProject.Rd:200): Warning: <h5> anchor "Usage" already defined RAVEProject.html:361:1 (RAVEProject.Rd:209): Warning: <h5> anchor "Arguments" already defined RAVEProject.html:391:1 (RAVEProject.Rd:229): Warning: <h5> anchor "Usage" already defined RAVEProject.html:397:1 (RAVEProject.Rd:233): Warning: <h5> anchor "Arguments" already defined RAVESubject.html:252:1 (RAVESubject.Rd:169): Warning: <h5> anchor "Usage" already defined RAVESubject.html:258:1 (RAVESubject.Rd:173): Warning: <h5> anchor "Arguments" already defined RAVESubject.html:281:1 (RAVESubject.Rd:186): Warning: <h5> anchor "Usage" already defined RAVESubject.html:287:1 (RAVESubject.Rd:190): Warning: <h5> anchor "Arguments" already defined RAVESubject.html:310:1 (RAVESubject.Rd:203): Warning: <h5> anchor "Usage" already defined RAVESubject.html:321:1 (RAVESubject.Rd:212): Warning: <h5> anchor "Arguments" already defined RAVESubject.html:351:1 (RAVESubject.Rd:232): Warning: <h5> anchor "Usage" already defined RAVESubject.html:361:1 (RAVESubject.Rd:240): Warning: <h5> anchor "Arguments" already defined RAVESubject.html:392:1 (RAVESubject.Rd:261): Warning: <h5> anchor "Usage" already defined RAVESubject.html:398:1 (RAVESubject.Rd:265): Warning: <h5> anchor "Arguments" already defined RAVESubject.html:426:1 (RAVESubject.Rd:283): Warning: <h5> anchor "Usage" already defined RAVESubject.html:432:1 (RAVESubject.Rd:287): Warning: <h5> anchor "Arguments" already defined RAVESubject.html:456:1 (RAVESubject.Rd:301): Warning: <h5> anchor "Usage" already defined RAVESubject.html:462:1 (RAVESubject.Rd:305): Warning: <h5> anchor "Arguments" already defined RAVESubject.html:490:1 (RAVESubject.Rd:323): Warning: <h5> anchor "Usage" already defined RAVESubject.html:501:1 (RAVESubject.Rd:332): Warning: <h5> anchor "Arguments" already defined RAVESubject.html:532:1 (RAVESubject.Rd:353): Warning: <h5> anchor "Usage" already defined RAVESubject.html:538:1 (RAVESubject.Rd:357): Warning: <h5> anchor "Arguments" already defined RAVESubject.html:566:1 (RAVESubject.Rd:375): Warning: <h5> anchor "Usage" already defined RAVESubject.html:576:1 (RAVESubject.Rd:383): Warning: <h5> anchor "Arguments" already defined RAVESubject.html:605:1 (RAVESubject.Rd:402): Warning: <h5> anchor "Usage" already defined RAVESubject.html:611:1 (RAVESubject.Rd:406): Warning: <h5> anchor "Arguments" already defined RAVESubject.html:638:1 (RAVESubject.Rd:423): Warning: <h5> anchor "Usage" already defined RAVESubject.html:650:1 (RAVESubject.Rd:433): Warning: <h5> anchor "Arguments" already defined RAVESubject.html:683:1 (RAVESubject.Rd:456): Warning: <h5> anchor "Usage" already defined RAVESubject.html:689:1 (RAVESubject.Rd:460): Warning: <h5> anchor "Arguments" already defined RAVESubject.html:712:1 (RAVESubject.Rd:473): Warning: <h5> anchor "Usage" already defined RAVESubject.html:723:1 (RAVESubject.Rd:482): Warning: <h5> anchor "Arguments" already defined RAVESubject.html:753:1 (RAVESubject.Rd:502): Warning: <h5> anchor "Usage" already defined RAVESubject.html:759:1 (RAVESubject.Rd:506): Warning: <h5> anchor "Arguments" already defined RAVESubject.html:782:1 (RAVESubject.Rd:519): Warning: <h5> anchor "Usage" already defined RAVESubject.html:788:1 (RAVESubject.Rd:523): Warning: <h5> anchor "Arguments" already defined RAVESubjectBaseRepository.html:172:1 (RAVESubjectBaseRepository.Rd:112): Warning: <h5> anchor "Usage" already defined RAVESubjectBaseRepository.html:201:1 (RAVESubjectBaseRepository.Rd:129): Warning: <h5> anchor "Usage" already defined RAVESubjectBaseRepository.html:207:1 (RAVESubjectBaseRepository.Rd:133): Warning: <h5> anchor "Arguments" already defined RAVESubjectBaseRepository.html:230:1 (RAVESubjectBaseRepository.Rd:146): Warning: <h5> anchor "Usage" already defined RAVESubjectBaseRepository.html:246:1 (RAVESubjectBaseRepository.Rd:160): Warning: <h5> anchor "Arguments" already defined RAVESubjectBaseRepository.html:286:1 (RAVESubjectBaseRepository.Rd:190): Warning: <h5> anchor "Usage" already defined RAVESubjectBaseRepository.html:292:1 (RAVESubjectBaseRepository.Rd:194): Warning: <h5> anchor "Arguments" already defined RAVESubjectBaseRepository.html:317:1 (RAVESubjectBaseRepository.Rd:209): Warning: <h5> anchor "Usage" already defined RAVESubjectBaseRepository.html:323:1 (RAVESubjectBaseRepository.Rd:213): Warning: <h5> anchor "Arguments" already defined RAVESubjectEpochPhaseRepository.html:245:1 (RAVESubjectEpochPhaseRepository.Rd:152): Warning: missing </ul> before </div> RAVESubjectEpochPhaseRepository.html:124:1 (RAVESubjectEpochPhaseRepository.Rd:67): Warning: <h5> anchor "Usage" already defined RAVESubjectEpochPhaseRepository.html:130:1 (RAVESubjectEpochPhaseRepository.Rd:71): Warning: <h5> anchor "Arguments" already defined RAVESubjectEpochPhaseRepository.html:153:1 (RAVESubjectEpochPhaseRepository.Rd:84): Warning: <h5> anchor "Usage" already defined RAVESubjectEpochPhaseRepository.html:172:1 (RAVESubjectEpochPhaseRepository.Rd:101): Warning: <h5> anchor "Arguments" already defined RAVESubjectEpochPhaseRepository.html:222:1 (RAVESubjectEpochPhaseRepository.Rd:141): Warning: <h5> anchor "Usage" already defined RAVESubjectEpochPhaseRepository.html:228:1 (RAVESubjectEpochPhaseRepository.Rd:145): Warning: <h5> anchor "Arguments" already defined RAVESubjectEpochPowerRepository.html:245:1 (RAVESubjectEpochPowerRepository.Rd:152): Warning: missing </ul> before </div> RAVESubjectEpochPowerRepository.html:124:1 (RAVESubjectEpochPowerRepository.Rd:67): Warning: <h5> anchor "Usage" already defined RAVESubjectEpochPowerRepository.html:130:1 (RAVESubjectEpochPowerRepository.Rd:71): Warning: <h5> anchor "Arguments" already defined RAVESubjectEpochPowerRepository.html:153:1 (RAVESubjectEpochPowerRepository.Rd:84): Warning: <h5> anchor "Usage" already defined RAVESubjectEpochPowerRepository.html:172:1 (RAVESubjectEpochPowerRepository.Rd:101): Warning: <h5> anchor "Arguments" already defined RAVESubjectEpochPowerRepository.html:222:1 (RAVESubjectEpochPowerRepository.Rd:141): Warning: <h5> anchor "Usage" already defined RAVESubjectEpochPowerRepository.html:228:1 (RAVESubjectEpochPowerRepository.Rd:145): Warning: <h5> anchor "Arguments" already defined RAVESubjectEpochRawVoltageRepository.html:291:1 (RAVESubjectEpochRawVoltageRepository.Rd:184): Warning: missing </ul> before </div> RAVESubjectEpochRawVoltageRepository.html:131:1 (RAVESubjectEpochRawVoltageRepository.Rd:72): Warning: <h5> anchor "Usage" already defined RAVESubjectEpochRawVoltageRepository.html:137:1 (RAVESubjectEpochRawVoltageRepository.Rd:76): Warning: <h5> anchor "Arguments" already defined RAVESubjectEpochRawVoltageRepository.html:160:1 (RAVESubjectEpochRawVoltageRepository.Rd:89): Warning: <h5> anchor "Usage" already defined RAVESubjectEpochRawVoltageRepository.html:179:1 (RAVESubjectEpochRawVoltageRepository.Rd:106): Warning: <h5> anchor "Arguments" already defined RAVESubjectEpochRawVoltageRepository.html:230:1 (RAVESubjectEpochRawVoltageRepository.Rd:147): Warning: <h5> anchor "Usage" already defined RAVESubjectEpochRawVoltageRepository.html:240:1 (RAVESubjectEpochRawVoltageRepository.Rd:155): Warning: <h5> anchor "Arguments" already defined RAVESubjectEpochRawVoltageRepository.html:268:1 (RAVESubjectEpochRawVoltageRepository.Rd:173): Warning: <h5> anchor "Usage" already defined RAVESubjectEpochRawVoltageRepository.html:274:1 (RAVESubjectEpochRawVoltageRepository.Rd:177): Warning: <h5> anchor "Arguments" already defined RAVESubjectEpochRepository.html:174:1 (RAVESubjectEpochRepository.Rd:109): Warning: <h5> anchor "Usage" already defined RAVESubjectEpochRepository.html:180:1 (RAVESubjectEpochRepository.Rd:113): Warning: <h5> anchor "Arguments" already defined RAVESubjectEpochRepository.html:203:1 (RAVESubjectEpochRepository.Rd:126): Warning: <h5> anchor "Usage" already defined RAVESubjectEpochRepository.html:222:1 (RAVESubjectEpochRepository.Rd:143): Warning: <h5> anchor "Arguments" already defined RAVESubjectEpochRepository.html:271:1 (RAVESubjectEpochRepository.Rd:182): Warning: <h5> anchor "Usage" already defined RAVESubjectEpochRepository.html:277:1 (RAVESubjectEpochRepository.Rd:186): Warning: <h5> anchor "Arguments" already defined RAVESubjectEpochRepository.html:302:1 (RAVESubjectEpochRepository.Rd:201): Warning: <h5> anchor "Usage" already defined RAVESubjectEpochRepository.html:308:1 (RAVESubjectEpochRepository.Rd:205): Warning: <h5> anchor "Arguments" already defined RAVESubjectEpochRepository.html:334:1 (RAVESubjectEpochRepository.Rd:221): Warning: <h5> anchor "Usage" already defined RAVESubjectEpochRepository.html:340:1 (RAVESubjectEpochRepository.Rd:225): Warning: <h5> anchor "Arguments" already defined RAVESubjectEpochRepository.html:368:1 (RAVESubjectEpochRepository.Rd:243): Warning: <h5> anchor "Usage" already defined RAVESubjectEpochRepository.html:374:1 (RAVESubjectEpochRepository.Rd:247): Warning: <h5> anchor "Arguments" already defined RAVESubjectEpochRepository.html:397:1 (RAVESubjectEpochRepository.Rd:260): Warning: <h5> anchor "Usage" already defined RAVESubjectEpochRepository.html:403:1 (RAVESubjectEpochRepository.Rd:264): Warning: <h5> anchor "Arguments" already defined RAVESubjectEpochTimeFreqBaseRepository.html:299:1 (RAVESubjectEpochTimeFreqBaseRepository.Rd:192): Warning: missing </ul> before </div> RAVESubjectEpochTimeFreqBaseRepository.html:136:1 (RAVESubjectEpochTimeFreqBaseRepository.Rd:77): Warning: <h5> anchor "Usage" already defined RAVESubjectEpochTimeFreqBaseRepository.html:142:1 (RAVESubjectEpochTimeFreqBaseRepository.Rd:81): Warning: <h5> anchor "Arguments" already defined RAVESubjectEpochTimeFreqBaseRepository.html:165:1 (RAVESubjectEpochTimeFreqBaseRepository.Rd:94): Warning: <h5> anchor "Usage" already defined RAVESubjectEpochTimeFreqBaseRepository.html:185:1 (RAVESubjectEpochTimeFreqBaseRepository.Rd:112): Warning: <h5> anchor "Arguments" already defined RAVESubjectEpochTimeFreqBaseRepository.html:238:1 (RAVESubjectEpochTimeFreqBaseRepository.Rd:155): Warning: <h5> anchor "Usage" already defined RAVESubjectEpochTimeFreqBaseRepository.html:248:1 (RAVESubjectEpochTimeFreqBaseRepository.Rd:163): Warning: <h5> anchor "Arguments" already defined RAVESubjectEpochTimeFreqBaseRepository.html:276:1 (RAVESubjectEpochTimeFreqBaseRepository.Rd:181): Warning: <h5> anchor "Usage" already defined RAVESubjectEpochTimeFreqBaseRepository.html:282:1 (RAVESubjectEpochTimeFreqBaseRepository.Rd:185): Warning: <h5> anchor "Arguments" already defined RAVESubjectEpochTimeFreqCoefRepository.html:247:1 (RAVESubjectEpochTimeFreqCoefRepository.Rd:154): Warning: missing </ul> before </div> RAVESubjectEpochTimeFreqCoefRepository.html:126:1 (RAVESubjectEpochTimeFreqCoefRepository.Rd:69): Warning: <h5> anchor "Usage" already defined RAVESubjectEpochTimeFreqCoefRepository.html:132:1 (RAVESubjectEpochTimeFreqCoefRepository.Rd:73): Warning: <h5> anchor "Arguments" already defined RAVESubjectEpochTimeFreqCoefRepository.html:155:1 (RAVESubjectEpochTimeFreqCoefRepository.Rd:86): Warning: <h5> anchor "Usage" already defined RAVESubjectEpochTimeFreqCoefRepository.html:174:1 (RAVESubjectEpochTimeFreqCoefRepository.Rd:103): Warning: <h5> anchor "Arguments" already defined RAVESubjectEpochTimeFreqCoefRepository.html:224:1 (RAVESubjectEpochTimeFreqCoefRepository.Rd:143): Warning: <h5> anchor "Usage" already defined RAVESubjectEpochTimeFreqCoefRepository.html:230:1 (RAVESubjectEpochTimeFreqCoefRepository.Rd:147): Warning: <h5> anchor "Arguments" already defined RAVESubjectEpochVoltageRepository.html:288:1 (RAVESubjectEpochVoltageRepository.Rd:181): Warning: missing </ul> before </div> RAVESubjectEpochVoltageRepository.html:129:1 (RAVESubjectEpochVoltageRepository.Rd:70): Warning: <h5> anchor "Usage" already defined RAVESubjectEpochVoltageRepository.html:135:1 (RAVESubjectEpochVoltageRepository.Rd:74): Warning: <h5> anchor "Arguments" already defined RAVESubjectEpochVoltageRepository.html:158:1 (RAVESubjectEpochVoltageRepository.Rd:87): Warning: <h5> anchor "Usage" already defined RAVESubjectEpochVoltageRepository.html:177:1 (RAVESubjectEpochVoltageRepository.Rd:104): Warning: <h5> anchor "Arguments" already defined RAVESubjectEpochVoltageRepository.html:227:1 (RAVESubjectEpochVoltageRepository.Rd:144): Warning: <h5> anchor "Usage" already defined RAVESubjectEpochVoltageRepository.html:237:1 (RAVESubjectEpochVoltageRepository.Rd:152): Warning: <h5> anchor "Arguments" already defined RAVESubjectEpochVoltageRepository.html:265:1 (RAVESubjectEpochVoltageRepository.Rd:170): Warning: <h5> anchor "Usage" already defined RAVESubjectEpochVoltageRepository.html:271:1 (RAVESubjectEpochVoltageRepository.Rd:174): Warning: <h5> anchor "Arguments" already defined RAVESubjectRecordingBlockPhaseRepository.html:118:1 (RAVESubjectRecordingBlockPhaseRepository.Rd:64): Warning: <h5> anchor "Usage" already defined RAVESubjectRecordingBlockPhaseRepository.html:124:1 (RAVESubjectRecordingBlockPhaseRepository.Rd:68): Warning: <h5> anchor "Arguments" already defined RAVESubjectRecordingBlockPhaseRepository.html:147:1 (RAVESubjectRecordingBlockPhaseRepository.Rd:81): Warning: <h5> anchor "Usage" already defined RAVESubjectRecordingBlockPhaseRepository.html:164:1 (RAVESubjectRecordingBlockPhaseRepository.Rd:96): Warning: <h5> anchor "Arguments" already defined RAVESubjectRecordingBlockPhaseRepository.html:206:1 (RAVESubjectRecordingBlockPhaseRepository.Rd:128): Warning: <h5> anchor "Usage" already defined RAVESubjectRecordingBlockPhaseRepository.html:212:1 (RAVESubjectRecordingBlockPhaseRepository.Rd:132): Warning: <h5> anchor "Arguments" already defined RAVESubjectRecordingBlockPowerRepository.html:118:1 (RAVESubjectRecordingBlockPowerRepository.Rd:64): Warning: <h5> anchor "Usage" already defined RAVESubjectRecordingBlockPowerRepository.html:124:1 (RAVESubjectRecordingBlockPowerRepository.Rd:68): Warning: <h5> anchor "Arguments" already defined RAVESubjectRecordingBlockPowerRepository.html:147:1 (RAVESubjectRecordingBlockPowerRepository.Rd:81): Warning: <h5> anchor "Usage" already defined RAVESubjectRecordingBlockPowerRepository.html:164:1 (RAVESubjectRecordingBlockPowerRepository.Rd:96): Warning: <h5> anchor "Arguments" already defined RAVESubjectRecordingBlockPowerRepository.html:206:1 (RAVESubjectRecordingBlockPowerRepository.Rd:128): Warning: <h5> anchor "Usage" already defined RAVESubjectRecordingBlockPowerRepository.html:212:1 (RAVESubjectRecordingBlockPowerRepository.Rd:132): Warning: <h5> anchor "Arguments" already defined RAVESubjectRecordingBlockRawVoltageRepository.html:138:1 (RAVESubjectRecordingBlockRawVoltageRepository.Rd:82): Warning: <h5> anchor "Usage" already defined RAVESubjectRecordingBlockRawVoltageRepository.html:144:1 (RAVESubjectRecordingBlockRawVoltageRepository.Rd:86): Warning: <h5> anchor "Arguments" already defined RAVESubjectRecordingBlockRawVoltageRepository.html:167:1 (RAVESubjectRecordingBlockRawVoltageRepository.Rd:99): Warning: <h5> anchor "Usage" already defined RAVESubjectRecordingBlockRawVoltageRepository.html:185:1 (RAVESubjectRecordingBlockRawVoltageRepository.Rd:115): Warning: <h5> anchor "Arguments" already defined RAVESubjectRecordingBlockRawVoltageRepository.html:233:1 (RAVESubjectRecordingBlockRawVoltageRepository.Rd:153): Warning: <h5> anchor "Usage" already defined RAVESubjectRecordingBlockRawVoltageRepository.html:243:1 (RAVESubjectRecordingBlockRawVoltageRepository.Rd:161): Warning: <h5> anchor "Arguments" already defined RAVESubjectRecordingBlockRawVoltageRepository.html:272:1 (RAVESubjectRecordingBlockRawVoltageRepository.Rd:180): Warning: <h5> anchor "Usage" already defined RAVESubjectRecordingBlockRawVoltageRepository.html:278:1 (RAVESubjectRecordingBlockRawVoltageRepository.Rd:184): Warning: <h5> anchor "Arguments" already defined RAVESubjectRecordingBlockRepository.html:141:1 (RAVESubjectRecordingBlockRepository.Rd:80): Warning: <h5> anchor "Usage" already defined RAVESubjectRecordingBlockRepository.html:147:1 (RAVESubjectRecordingBlockRepository.Rd:84): Warning: <h5> anchor "Arguments" already defined RAVESubjectRecordingBlockRepository.html:170:1 (RAVESubjectRecordingBlockRepository.Rd:97): Warning: <h5> anchor "Usage" already defined RAVESubjectRecordingBlockRepository.html:187:1 (RAVESubjectRecordingBlockRepository.Rd:112): Warning: <h5> anchor "Arguments" already defined RAVESubjectRecordingBlockRepository.html:229:1 (RAVESubjectRecordingBlockRepository.Rd:144): Warning: <h5> anchor "Usage" already defined RAVESubjectRecordingBlockRepository.html:235:1 (RAVESubjectRecordingBlockRepository.Rd:148): Warning: <h5> anchor "Arguments" already defined RAVESubjectRecordingBlockRepository.html:260:1 (RAVESubjectRecordingBlockRepository.Rd:163): Warning: <h5> anchor "Usage" already defined RAVESubjectRecordingBlockRepository.html:266:1 (RAVESubjectRecordingBlockRepository.Rd:167): Warning: <h5> anchor "Arguments" already defined RAVESubjectRecordingBlockRepository.html:289:1 (RAVESubjectRecordingBlockRepository.Rd:180): Warning: <h5> anchor "Usage" already defined RAVESubjectRecordingBlockRepository.html:295:1 (RAVESubjectRecordingBlockRepository.Rd:184): Warning: <h5> anchor "Arguments" already defined RAVESubjectRecordingBlockTimeFreqBaseRepository.html:126:1 (RAVESubjectRecordingBlockTimeFreqBaseRepository.Rd:70): Warning: <h5> anchor "Usage" already defined RAVESubjectRecordingBlockTimeFreqBaseRepository.html:132:1 (RAVESubjectRecordingBlockTimeFreqBaseRepository.Rd:74): Warning: <h5> anchor "Arguments" already defined RAVESubjectRecordingBlockTimeFreqBaseRepository.html:155:1 (RAVESubjectRecordingBlockTimeFreqBaseRepository.Rd:87): Warning: <h5> anchor "Usage" already defined RAVESubjectRecordingBlockTimeFreqBaseRepository.html:172:1 (RAVESubjectRecordingBlockTimeFreqBaseRepository.Rd:102): Warning: <h5> anchor "Arguments" already defined RAVESubjectRecordingBlockTimeFreqBaseRepository.html:214:1 (RAVESubjectRecordingBlockTimeFreqBaseRepository.Rd:134): Warning: <h5> anchor "Usage" already defined RAVESubjectRecordingBlockTimeFreqBaseRepository.html:224:1 (RAVESubjectRecordingBlockTimeFreqBaseRepository.Rd:142): Warning: <h5> anchor "Arguments" already defined RAVESubjectRecordingBlockTimeFreqBaseRepository.html:253:1 (RAVESubjectRecordingBlockTimeFreqBaseRepository.Rd:161): Warning: <h5> anchor "Usage" already defined RAVESubjectRecordingBlockTimeFreqBaseRepository.html:259:1 (RAVESubjectRecordingBlockTimeFreqBaseRepository.Rd:165): Warning: <h5> anchor "Arguments" already defined RAVESubjectRecordingBlockTimeFreqCoefRepository.html:118:1 (RAVESubjectRecordingBlockTimeFreqCoefRepository.Rd:64): Warning: <h5> anchor "Usage" already defined RAVESubjectRecordingBlockTimeFreqCoefRepository.html:124:1 (RAVESubjectRecordingBlockTimeFreqCoefRepository.Rd:68): Warning: <h5> anchor "Arguments" already defined RAVESubjectRecordingBlockTimeFreqCoefRepository.html:147:1 (RAVESubjectRecordingBlockTimeFreqCoefRepository.Rd:81): Warning: <h5> anchor "Usage" already defined RAVESubjectRecordingBlockTimeFreqCoefRepository.html:164:1 (RAVESubjectRecordingBlockTimeFreqCoefRepository.Rd:96): Warning: <h5> anchor "Arguments" already defined RAVESubjectRecordingBlockTimeFreqCoefRepository.html:206:1 (RAVESubjectRecordingBlockTimeFreqCoefRepository.Rd:128): Warning: <h5> anchor "Usage" already defined RAVESubjectRecordingBlockTimeFreqCoefRepository.html:212:1 (RAVESubjectRecordingBlockTimeFreqCoefRepository.Rd:132): Warning: <h5> anchor "Arguments" already defined RAVESubjectRecordingBlockVoltageRepository.html:127:1 (RAVESubjectRecordingBlockVoltageRepository.Rd:71): Warning: <h5> anchor "Usage" already defined RAVESubjectRecordingBlockVoltageRepository.html:133:1 (RAVESubjectRecordingBlockVoltageRepository.Rd:75): Warning: <h5> anchor "Arguments" already defined RAVESubjectRecordingBlockVoltageRepository.html:156:1 (RAVESubjectRecordingBlockVoltageRepository.Rd:88): Warning: <h5> anchor "Usage" already defined RAVESubjectRecordingBlockVoltageRepository.html:174:1 (RAVESubjectRecordingBlockVoltageRepository.Rd:104): Warning: <h5> anchor "Arguments" already defined RAVESubjectRecordingBlockVoltageRepository.html:221:1 (RAVESubjectRecordingBlockVoltageRepository.Rd:141): Warning: <h5> anchor "Usage" already defined RAVESubjectRecordingBlockVoltageRepository.html:231:1 (RAVESubjectRecordingBlockVoltageRepository.Rd:149): Warning: <h5> anchor "Arguments" already defined RAVESubjectRecordingBlockVoltageRepository.html:260:1 (RAVESubjectRecordingBlockVoltageRepository.Rd:168): Warning: <h5> anchor "Usage" already defined RAVESubjectRecordingBlockVoltageRepository.html:266:1 (RAVESubjectRecordingBlockVoltageRepository.Rd:172): Warning: <h5> anchor "Arguments" already defined Spike_electrode.html:555:1 (Spike_electrode.Rd:325): Warning: missing </ul> before </div> Spike_electrode.html:170:1 (Spike_electrode.Rd:90): Warning: <h5> anchor "Usage" already defined Spike_electrode.html:176:1 (Spike_electrode.Rd:94): Warning: <h5> anchor "Arguments" already defined Spike_electrode.html:199:1 (Spike_electrode.Rd:107): Warning: <h5> anchor "Usage" already defined Spike_electrode.html:215:1 (Spike_electrode.Rd:117): Warning: <h5> anchor "Usage" already defined Spike_electrode.html:221:1 (Spike_electrode.Rd:121): Warning: <h5> anchor "Arguments" already defined Spike_electrode.html:244:1 (Spike_electrode.Rd:134): Warning: <h5> anchor "Usage" already defined Spike_electrode.html:250:1 (Spike_electrode.Rd:138): Warning: <h5> anchor "Arguments" already defined Spike_electrode.html:274:1 (Spike_electrode.Rd:152): Warning: <h5> anchor "Usage" already defined Spike_electrode.html:280:1 (Spike_electrode.Rd:156): Warning: <h5> anchor "Arguments" already defined Spike_electrode.html:305:1 (Spike_electrode.Rd:171): Warning: <h5> anchor "Usage" already defined Spike_electrode.html:311:1 (Spike_electrode.Rd:175): Warning: <h5> anchor "Arguments" already defined Spike_electrode.html:334:1 (Spike_electrode.Rd:188): Warning: <h5> anchor "Usage" already defined Spike_electrode.html:340:1 (Spike_electrode.Rd:192): Warning: <h5> anchor "Arguments" already defined Spike_electrode.html:370:1 (Spike_electrode.Rd:212): Warning: <h5> anchor "Usage" already defined Spike_electrode.html:376:1 (Spike_electrode.Rd:216): Warning: <h5> anchor "Arguments" already defined Spike_electrode.html:400:1 (Spike_electrode.Rd:230): Warning: <h5> anchor "Usage" already defined Spike_electrode.html:410:1 (Spike_electrode.Rd:238): Warning: <h5> anchor "Arguments" already defined Spike_electrode.html:442:1 (Spike_electrode.Rd:260): Warning: <h5> anchor "Usage" already defined Spike_electrode.html:451:1 (Spike_electrode.Rd:267): Warning: <h5> anchor "Arguments" already defined Spike_electrode.html:474:1 (Spike_electrode.Rd:280): Warning: <h5> anchor "Usage" already defined Spike_electrode.html:480:1 (Spike_electrode.Rd:284): Warning: <h5> anchor "Arguments" already defined Spike_electrode.html:503:1 (Spike_electrode.Rd:297): Warning: <h5> anchor "Usage" already defined Spike_electrode.html:509:1 (Spike_electrode.Rd:301): Warning: <h5> anchor "Arguments" already defined Spike_electrode.html:532:1 (Spike_electrode.Rd:314): Warning: <h5> anchor "Usage" already defined Spike_electrode.html:538:1 (Spike_electrode.Rd:318): Warning: <h5> anchor "Arguments" already defined YAELProcess.html:870:1 (YAELProcess.Rd:578): Warning: missing </ul> before </div> YAELProcess.html:195:1 (YAELProcess.Rd:107): Warning: <h5> anchor "Usage" already defined YAELProcess.html:201:1 (YAELProcess.Rd:111): Warning: <h5> anchor "Arguments" already defined YAELProcess.html:224:1 (YAELProcess.Rd:124): Warning: <h5> anchor "Usage" already defined YAELProcess.html:230:1 (YAELProcess.Rd:128): Warning: <h5> anchor "Arguments" already defined YAELProcess.html:268:1 (YAELProcess.Rd:156): Warning: <h5> anchor "Usage" already defined YAELProcess.html:279:1 (YAELProcess.Rd:165): Warning: <h5> anchor "Arguments" already defined YAELProcess.html:311:1 (YAELProcess.Rd:187): Warning: <h5> anchor "Usage" already defined YAELProcess.html:317:1 (YAELProcess.Rd:191): Warning: <h5> anchor "Arguments" already defined YAELProcess.html:340:1 (YAELProcess.Rd:204): Warning: <h5> anchor "Usage" already defined YAELProcess.html:346:1 (YAELProcess.Rd:208): Warning: <h5> anchor "Arguments" already defined YAELProcess.html:371:1 (YAELProcess.Rd:223): Warning: <h5> anchor "Usage" already defined YAELProcess.html:377:1 (YAELProcess.Rd:227): Warning: <h5> anchor "Arguments" already defined YAELProcess.html:407:1 (YAELProcess.Rd:247): Warning: <h5> anchor "Usage" already defined YAELProcess.html:413:1 (YAELProcess.Rd:251): Warning: <h5> anchor "Arguments" already defined YAELProcess.html:438:1 (YAELProcess.Rd:266): Warning: <h5> anchor "Usage" already defined YAELProcess.html:450:1 (YAELProcess.Rd:276): Warning: <h5> anchor "Arguments" already defined YAELProcess.html:488:1 (YAELProcess.Rd:304): Warning: <h5> anchor "Usage" already defined YAELProcess.html:498:1 (YAELProcess.Rd:312): Warning: <h5> anchor "Arguments" already defined YAELProcess.html:527:1 (YAELProcess.Rd:331): Warning: <h5> anchor "Usage" already defined YAELProcess.html:541:1 (YAELProcess.Rd:343): Warning: <h5> anchor "Arguments" already defined YAELProcess.html:577:1 (YAELProcess.Rd:369): Warning: <h5> anchor "Usage" already defined YAELProcess.html:591:1 (YAELProcess.Rd:381): Warning: <h5> anchor "Arguments" already defined YAELProcess.html:626:1 (YAELProcess.Rd:406): Warning: <h5> anchor "Usage" already defined YAELProcess.html:637:1 (YAELProcess.Rd:415): Warning: <h5> anchor "Arguments" already defined YAELProcess.html:671:1 (YAELProcess.Rd:439): Warning: <h5> anchor "Usage" already defined YAELProcess.html:682:1 (YAELProcess.Rd:448): Warning: <h5> anchor "Arguments" already defined YAELProcess.html:713:1 (YAELProcess.Rd:469): Warning: <h5> anchor "Usage" already defined YAELProcess.html:724:1 (YAELProcess.Rd:478): Warning: <h5> anchor "Arguments" already defined YAELProcess.html:758:1 (YAELProcess.Rd:502): Warning: <h5> anchor "Usage" already defined YAELProcess.html:767:1 (YAELProcess.Rd:509): Warning: <h5> anchor "Arguments" already defined YAELProcess.html:796:1 (YAELProcess.Rd:528): Warning: <h5> anchor "Usage" already defined YAELProcess.html:806:1 (YAELProcess.Rd:536): Warning: <h5> anchor "Arguments" already defined YAELProcess.html:847:1 (YAELProcess.Rd:567): Warning: <h5> anchor "Usage" already defined YAELProcess.html:853:1 (YAELProcess.Rd:571): Warning: <h5> anchor "Arguments" already defined cmd_run_3dAllineate.html:76:1 (cmd_run_3dAllineate.Rd:28): Warning: missing </ul> before </div> rave_path.html:55:1 (rave_path.Rd:14): Warning: missing </ul> before </div> Flavor: r-devel-linux-x86_64-debian-gcc