Last updated on 2025-11-19 01:48:59 CET.
| Flavor | Version | Tinstall | Tcheck | Ttotal | Status | Flags |
|---|---|---|---|---|---|---|
| r-devel-linux-x86_64-debian-clang | 0.12.0 | 136.71 | 61.66 | 198.37 | OK | |
| r-devel-linux-x86_64-debian-gcc | 0.12.0 | 109.06 | 43.17 | 152.23 | OK | |
| r-devel-linux-x86_64-fedora-clang | 0.12.0 | 229.00 | 112.42 | 341.42 | OK | |
| r-devel-linux-x86_64-fedora-gcc | 0.12.0 | 325.00 | 50.98 | 375.98 | OK | |
| r-devel-windows-x86_64 | 0.12.0 | 194.00 | 104.00 | 298.00 | OK | |
| r-patched-linux-x86_64 | 0.12.0 | 152.84 | 54.98 | 207.82 | OK | |
| r-release-linux-x86_64 | 0.12.0 | 152.93 | 55.87 | 208.80 | OK | |
| r-release-macos-arm64 | 0.12.0 | 86.00 | 38.00 | 124.00 | OK | |
| r-release-macos-x86_64 | 0.12.0 | 79.00 | 68.00 | 147.00 | OK | |
| r-release-windows-x86_64 | 0.12.0 | 163.00 | 107.00 | 270.00 | OK | |
| r-oldrel-macos-arm64 | 0.12.0 | 54.00 | 33.00 | 87.00 | NOTE | |
| r-oldrel-macos-x86_64 | 0.12.0 | 65.00 | 62.00 | 127.00 | NOTE | |
| r-oldrel-windows-x86_64 | 0.12.0 | 196.00 | 125.00 | 321.00 | NOTE |
Version: 0.12.0
Check: installed package size
Result: NOTE
installed size is 13.8Mb
sub-directories of 1Mb or more:
libs 13.0Mb
Flavors: r-oldrel-macos-arm64, r-oldrel-macos-x86_64, r-oldrel-windows-x86_64