Last updated on 2025-10-22 01:51:36 CEST.
Flavor | Version | Tinstall | Tcheck | Ttotal | Status | Flags |
---|---|---|---|---|---|---|
r-devel-linux-x86_64-debian-clang | 0.2.0 | 7.17 | 299.20 | 306.37 | NOTE | |
r-devel-linux-x86_64-debian-gcc | 0.2.0 | 4.76 | 206.76 | 211.52 | NOTE | |
r-devel-linux-x86_64-fedora-clang | 0.2.0 | 33.00 | 456.54 | 489.54 | OK | |
r-devel-linux-x86_64-fedora-gcc | 0.2.0 | 16.00 | 472.38 | 488.38 | OK | |
r-devel-windows-x86_64 | 0.2.0 | 10.00 | 256.00 | 266.00 | OK | |
r-patched-linux-x86_64 | 0.2.0 | 7.95 | 286.12 | 294.07 | OK | |
r-release-linux-x86_64 | 0.2.0 | 6.39 | 288.06 | 294.45 | OK | |
r-release-macos-arm64 | 0.2.0 | 3.00 | 119.00 | 122.00 | OK | |
r-release-macos-x86_64 | 0.2.0 | 8.00 | 279.00 | 287.00 | OK | |
r-release-windows-x86_64 | 0.2.0 | 10.00 | 260.00 | 270.00 | OK | |
r-oldrel-macos-arm64 | 0.2.0 | 4.00 | 321.00 | 325.00 | OK | |
r-oldrel-macos-x86_64 | 0.2.0 | 7.00 | 281.00 | 288.00 | OK | |
r-oldrel-windows-x86_64 | 0.2.0 | 12.00 | 343.00 | 355.00 | OK |
Version: 0.2.0
Check: HTML version of manual
Result: NOTE
Found the following HTML validation problems:
get_dep_version.html:50:1 (get_dep_version.Rd:12): Warning: missing </ul> before </div>
install_if_not_installed.html:46:1 (install_if_not_installed.Rd:10): Warning: missing </ul> before </div>
Flavors: r-devel-linux-x86_64-debian-clang, r-devel-linux-x86_64-debian-gcc