Last updated on 2025-10-22 01:51:36 CEST.
Flavor | Version | Tinstall | Tcheck | Ttotal | Status | Flags |
---|---|---|---|---|---|---|
r-devel-linux-x86_64-debian-clang | 0.2.1 | 8.00 | 118.46 | 126.46 | NOTE | |
r-devel-linux-x86_64-debian-gcc | 0.2.1 | 4.96 | 86.59 | 91.55 | NOTE | |
r-devel-linux-x86_64-fedora-clang | 0.2.1 | 18.00 | 176.33 | 194.33 | OK | |
r-devel-linux-x86_64-fedora-gcc | 0.2.1 | 34.00 | 179.94 | 213.94 | OK | |
r-devel-windows-x86_64 | 0.2.1 | 12.00 | 128.00 | 140.00 | OK | |
r-patched-linux-x86_64 | 0.2.1 | 7.80 | 110.02 | 117.82 | OK | |
r-release-linux-x86_64 | 0.2.1 | 8.55 | 110.21 | 118.76 | OK | |
r-release-macos-arm64 | 0.2.1 | 3.00 | 53.00 | 56.00 | OK | |
r-release-macos-x86_64 | 0.2.1 | 6.00 | 106.00 | 112.00 | OK | |
r-release-windows-x86_64 | 0.2.1 | 12.00 | 129.00 | 141.00 | OK | |
r-oldrel-macos-arm64 | 0.2.1 | 3.00 | 58.00 | 61.00 | OK | |
r-oldrel-macos-x86_64 | 0.2.1 | 7.00 | 105.00 | 112.00 | OK | |
r-oldrel-windows-x86_64 | 0.2.1 | 15.00 | 162.00 | 177.00 | OK |
Version: 0.2.1
Check: HTML version of manual
Result: NOTE
Found the following HTML validation problems:
print.iptw_result.html:51:1 (print.iptw_result.Rd:12): Warning: missing </ul> before </div>
print.riskdiff_iptw_result.html:51:1 (print.riskdiff_iptw_result.Rd:12): Warning: missing </ul> before </div>
Flavors: r-devel-linux-x86_64-debian-clang, r-devel-linux-x86_64-debian-gcc