CRAN Package Check Results for Package rmlnomogram

Last updated on 2025-11-19 01:49:00 CET.

Flavor Version Tinstall Tcheck Ttotal Status Flags
r-devel-linux-x86_64-debian-clang 0.1.2 7.83 137.76 145.59 NOTE
r-devel-linux-x86_64-debian-gcc 0.1.2 4.55 98.60 103.15 NOTE
r-devel-linux-x86_64-fedora-clang 0.1.2 17.00 197.81 214.81 OK
r-devel-linux-x86_64-fedora-gcc 0.1.2 13.00 209.73 222.73 OK
r-devel-windows-x86_64 0.1.2 12.00 123.00 135.00 OK
r-patched-linux-x86_64 0.1.2 7.00 128.94 135.94 OK
r-release-linux-x86_64 0.1.2 6.82 129.07 135.89 OK
r-release-macos-arm64 0.1.2 3.00 51.00 54.00 OK
r-release-macos-x86_64 0.1.2 5.00 88.00 93.00 OK
r-release-windows-x86_64 0.1.2 9.00 121.00 130.00 OK
r-oldrel-macos-arm64 0.1.2 3.00 51.00 54.00 OK
r-oldrel-macos-x86_64 0.1.2 4.00 63.00 67.00 OK
r-oldrel-windows-x86_64 0.1.2 12.00 152.00 164.00 OK

Check Details

Version: 0.1.2
Check: CRAN incoming feasibility
Result: NOTE Maintainer: ‘Herdiantri Sufriyana <herdi@nycu.edu.tw>’ The Description field contains <https://htmlpreview.github.io/?https://github.com/herdiantrisufriyana/rmlnomogram/blob/master/doc/ml_nomogram_exemplar.html>. Please enclose URLs in angle brackets (<...>). Flavors: r-devel-linux-x86_64-debian-clang, r-devel-linux-x86_64-debian-gcc