Last updated on 2025-10-21 01:48:45 CEST.
Flavor | Version | Tinstall | Tcheck | Ttotal | Status | Flags |
---|---|---|---|---|---|---|
r-devel-linux-x86_64-debian-clang | 1.7.0 | 223.12 | 171.69 | 394.81 | OK | |
r-devel-linux-x86_64-debian-gcc | 1.7.0 | 140.24 | 121.53 | 261.77 | NOTE | |
r-devel-linux-x86_64-fedora-clang | 1.7.0 | 625.09 | OK | |||
r-devel-linux-x86_64-fedora-gcc | 1.7.0 | 647.99 | OK | |||
r-devel-windows-x86_64 | 1.7.0 | 221.00 | 247.00 | 468.00 | OK | |
r-patched-linux-x86_64 | 1.7.0 | 212.43 | 165.62 | 378.05 | OK | |
r-release-linux-x86_64 | 1.7.0 | 217.28 | 166.37 | 383.65 | OK | |
r-release-macos-arm64 | 1.7.0 | 189.00 | OK | |||
r-release-macos-x86_64 | 1.7.0 | 281.00 | OK | |||
r-release-windows-x86_64 | 1.7.0 | 221.00 | 248.00 | 469.00 | OK | |
r-oldrel-macos-arm64 | 1.7.0 | 198.00 | NOTE | |||
r-oldrel-macos-x86_64 | 1.7.0 | 273.00 | NOTE | |||
r-oldrel-windows-x86_64 | 1.7.0 | 266.00 | 289.00 | 555.00 | OK |
Version: 1.7.0
Check: HTML version of manual
Result: NOTE
Found the following HTML validation problems:
eform.html:86:1 (eform.Rd:37): Warning: missing </ul> before </div>
gsm.control.html:174:1 (gsm.control.Rd:83): Warning: missing </ul> before </div>
lines.html:129:1 (lines.Rd:50): Warning: missing </ul> before </div>
rstpm2-internal.html:59:1 (rstpm2-internal.Rd:27): Warning: missing </ul> before </div>
Flavor: r-devel-linux-x86_64-debian-gcc
Version: 1.7.0
Check: installed package size
Result: NOTE
installed size is 24.6Mb
sub-directories of 1Mb or more:
libs 22.3Mb
Flavors: r-oldrel-macos-arm64, r-oldrel-macos-x86_64