CRAN Package Check Results for Package rsubgroup

Last updated on 2025-11-20 03:50:22 CET.

Flavor Version Tinstall Tcheck Ttotal Status Flags
r-devel-linux-x86_64-debian-clang 1.1 4.20 48.06 52.26 NOTE
r-devel-linux-x86_64-debian-gcc 1.1 3.13 36.99 40.12 NOTE
r-devel-linux-x86_64-fedora-clang 1.1 78.64 OK
r-devel-linux-x86_64-fedora-gcc 1.1 26.00 55.32 81.32 OK
r-devel-windows-x86_64 1.1 6.00 60.00 66.00 OK
r-patched-linux-x86_64 1.1 4.51 46.62 51.13 OK
r-release-linux-x86_64 1.1 3.88 45.53 49.41 OK
r-release-macos-arm64 1.1 OK
r-release-macos-x86_64 1.1 4.00 42.00 46.00 OK
r-release-windows-x86_64 1.1 6.00 59.00 65.00 OK
r-oldrel-macos-arm64 1.1 OK
r-oldrel-macos-x86_64 1.1 3.00 36.00 39.00 OK
r-oldrel-windows-x86_64 1.1 5.00 58.00 63.00 OK

Check Details

Version: 1.1
Check: CRAN incoming feasibility
Result: NOTE Maintainer: ‘Martin Atzmueller <martin@atzmueller.net>’ No Authors@R field in DESCRIPTION. Please add one, modifying Authors@R: person(given = "Martin", family = "Atzmueller", role = c("aut", "cre"), email = "martin@atzmueller.net") as necessary. Flavors: r-devel-linux-x86_64-debian-clang, r-devel-linux-x86_64-debian-gcc