Last updated on 2024-05-21 02:02:18 CEST.
Flavor | Version | Tinstall | Tcheck | Ttotal | Status | Flags |
---|---|---|---|---|---|---|
r-devel-linux-x86_64-debian-clang | 0.11-5 | 28.68 | 454.66 | 483.34 | NOTE | |
r-devel-linux-x86_64-debian-gcc | 0.11-5 | 24.60 | 304.15 | 328.75 | NOTE | |
r-devel-linux-x86_64-fedora-clang | 0.11-5 | 578.86 | NOTE | |||
r-devel-linux-x86_64-fedora-gcc | 0.11-5 | 558.85 | NOTE | |||
r-devel-windows-x86_64 | 0.11-5 | 27.00 | 283.00 | 310.00 | NOTE | |
r-patched-linux-x86_64 | 0.11-5 | 27.36 | 410.92 | 438.28 | NOTE | |
r-release-linux-x86_64 | 0.11-5 | 33.61 | 424.65 | 458.26 | NOTE | |
r-release-macos-arm64 | 0.11-5 | 132.00 | NOTE | |||
r-release-windows-x86_64 | 0.11-5 | 27.00 | 284.00 | 311.00 | NOTE | |
r-oldrel-macos-arm64 | 0.11-5 | 143.00 | OK | |||
r-oldrel-macos-x86_64 | 0.11-5 | 263.00 | OK | |||
r-oldrel-windows-x86_64 | 0.11-5 | 33.00 | 377.00 | 410.00 | OK |
Version: 0.11-5
Check: Rd files
Result: NOTE
checkRd: (-1) LBA-race.Rd:157: Lost braces
157 | corresponding (and not first) accumulator winning see /code{/link{LBA}}.
| ^
checkRd: (-1) LBA-race.Rd:157: Lost braces
157 | corresponding (and not first) accumulator winning see /code{/link{LBA}}.
| ^
Flavors: r-devel-linux-x86_64-debian-clang, r-devel-linux-x86_64-debian-gcc, r-devel-linux-x86_64-fedora-clang, r-devel-linux-x86_64-fedora-gcc, r-devel-windows-x86_64, r-patched-linux-x86_64, r-release-linux-x86_64, r-release-macos-arm64, r-release-windows-x86_64