Last updated on 2025-11-19 01:49:01 CET.
| Flavor | Version | Tinstall | Tcheck | Ttotal | Status | Flags |
|---|---|---|---|---|---|---|
| r-devel-linux-x86_64-debian-clang | 1.4 | 44.84 | 61.65 | 106.49 | OK | |
| r-devel-linux-x86_64-debian-gcc | 1.4 | 36.05 | 46.58 | 82.63 | OK | |
| r-devel-linux-x86_64-fedora-clang | 1.4 | 106.00 | 68.86 | 174.86 | OK | |
| r-devel-linux-x86_64-fedora-gcc | 1.4 | 258.00 | -59.68 | 198.32 | OK | |
| r-devel-windows-x86_64 | 1.4 | 56.00 | 92.00 | 148.00 | OK | |
| r-patched-linux-x86_64 | 1.4 | 50.32 | 58.17 | 108.49 | OK | |
| r-release-linux-x86_64 | 1.4 | 48.34 | 59.27 | 107.61 | OK | |
| r-release-macos-arm64 | 1.4 | 20.00 | 30.00 | 50.00 | OK | |
| r-release-macos-x86_64 | 1.4 | 45.00 | 56.00 | 101.00 | OK | |
| r-release-windows-x86_64 | 1.4 | 49.00 | 93.00 | 142.00 | OK | |
| r-oldrel-macos-arm64 | 1.4 | 17.00 | 33.00 | 50.00 | NOTE | |
| r-oldrel-macos-x86_64 | 1.4 | 52.00 | 52.00 | 104.00 | NOTE | |
| r-oldrel-windows-x86_64 | 1.4 | 63.00 | 113.00 | 176.00 | OK |
Version: 1.4
Check: installed package size
Result: NOTE
installed size is 7.6Mb
sub-directories of 1Mb or more:
libs 7.3Mb
Flavors: r-oldrel-macos-arm64, r-oldrel-macos-x86_64