CRAN Package Check Results for Package sanityTracker

Last updated on 2025-11-20 02:49:26 CET.

Flavor Version Tinstall Tcheck Ttotal Status Flags
r-devel-linux-x86_64-debian-clang 0.1.0 2.38 31.19 33.57 OK
r-devel-linux-x86_64-debian-gcc 0.1.0 1.56 24.83 26.39 OK
r-devel-linux-x86_64-fedora-clang 0.1.0 52.04 OK
r-devel-linux-x86_64-fedora-gcc 0.1.0 62.26 OK
r-devel-windows-x86_64 0.1.0 6.00 50.00 56.00 OK
r-patched-linux-x86_64 0.1.0 2.40 29.48 31.88 OK
r-release-linux-x86_64 0.1.0 2.17 28.74 30.91 OK
r-release-macos-arm64 0.1.0 OK
r-release-macos-x86_64 0.1.0 3.00 43.00 46.00 OK
r-release-windows-x86_64 0.1.0 4.00 50.00 54.00 OK
r-oldrel-macos-arm64 0.1.0 NOTE
r-oldrel-macos-x86_64 0.1.0 2.00 39.00 41.00 NOTE
r-oldrel-windows-x86_64 0.1.0 4.00 57.00 61.00 NOTE

Check Details

Version: 0.1.0
Check: LazyData
Result: NOTE 'LazyData' is specified without a 'data' directory Flavors: r-oldrel-macos-arm64, r-oldrel-macos-x86_64, r-oldrel-windows-x86_64