Last updated on 2025-11-20 03:50:23 CET.
| Flavor | Version | Tinstall | Tcheck | Ttotal | Status | Flags |
|---|---|---|---|---|---|---|
| r-devel-linux-x86_64-debian-clang | 1.1 | 31.67 | 82.33 | 114.00 | NOTE | |
| r-devel-linux-x86_64-debian-gcc | 1.1 | 22.49 | 64.54 | 87.03 | NOTE | |
| r-devel-linux-x86_64-fedora-clang | 1.1 | 88.00 | 95.20 | 183.20 | NOTE | |
| r-devel-linux-x86_64-fedora-gcc | 1.1 | 81.00 | 111.14 | 192.14 | NOTE | |
| r-devel-windows-x86_64 | 1.1 | 43.00 | 125.00 | 168.00 | NOTE | |
| r-patched-linux-x86_64 | 1.1 | 34.53 | 80.60 | 115.13 | NOTE | |
| r-release-linux-x86_64 | 1.1 | 36.31 | 79.15 | 115.46 | NOTE | |
| r-release-macos-arm64 | 1.1 | NOTE | ||||
| r-release-macos-x86_64 | 1.1 | 23.00 | 97.00 | 120.00 | NOTE | |
| r-release-windows-x86_64 | 1.1 | 39.00 | 123.00 | 162.00 | NOTE | |
| r-oldrel-macos-arm64 | 1.1 | NOTE | ||||
| r-oldrel-macos-x86_64 | 1.1 | 17.00 | 70.00 | 87.00 | NOTE | |
| r-oldrel-windows-x86_64 | 1.1 | 46.00 | 144.00 | 190.00 | NOTE |
Version: 1.1
Check: Rd files
Result: NOTE
checkRd: (-1) gen.ds.Rd:43-48: Lost braces in \itemize; meant \describe ?
checkRd: (-1) gen.ds.Rd:50-53: Lost braces in \itemize; meant \describe ?
checkRd: (-1) gen.ds.Rd:64-65: Lost braces
64 | \item{the dependence parameter \code{dep} or the vector of dependence parameters \code{dep}. When missing, these coefficients are obtained from independent standard uniform sampling.
| ^
checkRd: (-1) gen.ds.Rd:66: Lost braces
66 | \item{the list \code{asy} of asymmetric weights \eqn{\beta_{i,b}} for \eqn{b \in B} and \eqn{i \in b}. When missing, these coefficients are obtained from independent standard uniform sampling followed by renormalization in order to satisfy the sum-to-one constraints.}
| ^
Flavors: r-devel-linux-x86_64-debian-clang, r-devel-linux-x86_64-debian-gcc, r-devel-linux-x86_64-fedora-clang, r-devel-linux-x86_64-fedora-gcc, r-devel-windows-x86_64, r-patched-linux-x86_64, r-release-linux-x86_64, r-release-macos-arm64, r-release-macos-x86_64, r-release-windows-x86_64, r-oldrel-macos-arm64, r-oldrel-macos-x86_64, r-oldrel-windows-x86_64
Version: 1.1
Check: installed package size
Result: NOTE
installed size is 7.3Mb
sub-directories of 1Mb or more:
doc 3.9Mb
libs 3.2Mb
Flavors: r-oldrel-macos-arm64, r-oldrel-macos-x86_64, r-oldrel-windows-x86_64