Last updated on 2025-10-24 01:50:39 CEST.
| Flavor | Version | Tinstall | Tcheck | Ttotal | Status | Flags |
|---|---|---|---|---|---|---|
| r-devel-linux-x86_64-debian-clang | 0.2-6 | 3.13 | 32.46 | 35.59 | NOTE | |
| r-devel-linux-x86_64-debian-gcc | 0.2-6 | 2.44 | 24.60 | 27.04 | NOTE | |
| r-devel-linux-x86_64-fedora-clang | 0.2-6 | 53.93 | NOTE | |||
| r-devel-linux-x86_64-fedora-gcc | 0.2-6 | 51.64 | NOTE | |||
| r-devel-windows-x86_64 | 0.2-6 | 4.00 | 47.00 | 51.00 | OK | |
| r-patched-linux-x86_64 | 0.2-6 | 3.22 | 31.09 | 34.31 | NOTE | |
| r-release-linux-x86_64 | 0.2-6 | 2.97 | 30.91 | 33.88 | NOTE | |
| r-release-macos-arm64 | 0.2-6 | 2.00 | 29.00 | 31.00 | NOTE | |
| r-release-macos-x86_64 | 0.2-6 | 3.00 | 30.00 | 33.00 | NOTE | |
| r-release-windows-x86_64 | 0.2-6 | 4.00 | 53.00 | 57.00 | OK | |
| r-oldrel-macos-arm64 | 0.2-6 | 2.00 | 17.00 | 19.00 | NOTE | |
| r-oldrel-macos-x86_64 | 0.2-6 | 3.00 | 28.00 | 31.00 | NOTE | |
| r-oldrel-windows-x86_64 | 0.2-6 | 4.00 | 47.00 | 51.00 | OK |
Version: 0.2-6
Check: CRAN incoming feasibility
Result: NOTE
Maintainer: ‘Simon Urbanek <simon.urbanek@r-project.org>’
No Authors@R field in DESCRIPTION.
Please add one, modifying
Authors@R: c(person(given = "Lee",
family = "Wilkinson",
role = "aut",
email = "leland.wilkinson@gmail.com"),
person(given = "Anushka",
family = "Anand",
role = "aut"),
person(given = "Simon",
family = "Urbanek",
role = "cre",
email = "simon.urbanek@r-project.org"))
as necessary.
Flavors: r-devel-linux-x86_64-debian-clang, r-devel-linux-x86_64-debian-gcc
Version: 0.2-6
Check: DESCRIPTION meta-information
Result: NOTE
License stub is invalid DCF.
Flavors: r-devel-linux-x86_64-debian-clang, r-devel-linux-x86_64-debian-gcc, r-patched-linux-x86_64, r-release-linux-x86_64, r-release-macos-arm64, r-release-macos-x86_64, r-oldrel-macos-arm64, r-oldrel-macos-x86_64
Version: 0.2-6
Check: DESCRIPTION meta-information
Result: NOTE
Licence stub is invalid DCF.
Flavors: r-devel-linux-x86_64-fedora-clang, r-devel-linux-x86_64-fedora-gcc