Last updated on 2025-10-25 01:51:16 CEST.
| Flavor | Version | Tinstall | Tcheck | Ttotal | Status | Flags |
|---|---|---|---|---|---|---|
| r-devel-linux-x86_64-debian-clang | 1.0.6 | 44.89 | 80.55 | 125.44 | OK | |
| r-devel-linux-x86_64-debian-gcc | 1.0.6 | 30.70 | 56.99 | 87.69 | OK | |
| r-devel-windows-x86_64 | 1.0.6 | 55.00 | 111.00 | 166.00 | OK | |
| r-patched-linux-x86_64 | 1.0.6 | 46.89 | 74.32 | 121.21 | OK | |
| r-release-linux-x86_64 | 1.0.6 | 45.00 | 74.19 | 119.19 | OK | |
| r-release-macos-arm64 | 1.0.6 | 18.00 | 28.00 | 46.00 | OK | |
| r-release-macos-x86_64 | 1.0.6 | 22.00 | 61.00 | 83.00 | OK | |
| r-release-windows-x86_64 | 1.0.6 | 54.00 | 112.00 | 166.00 | OK | |
| r-oldrel-macos-arm64 | 1.0.6 | 18.00 | 41.00 | 59.00 | NOTE | |
| r-oldrel-macos-x86_64 | 1.0.6 | 20.00 | 55.00 | 75.00 | NOTE | |
| r-oldrel-windows-x86_64 | 1.0.6 | 64.00 | 141.00 | 205.00 | OK |
Version: 1.0.6
Check: installed package size
Result: NOTE
installed size is 5.7Mb
sub-directories of 1Mb or more:
libs 4.9Mb
Flavors: r-oldrel-macos-arm64, r-oldrel-macos-x86_64