Last updated on 2025-11-20 02:49:26 CET.
| Flavor | Version | Tinstall | Tcheck | Ttotal | Status | Flags |
|---|---|---|---|---|---|---|
| r-devel-linux-x86_64-debian-clang | 0.2.0 | 1.21 | 22.97 | 24.18 | OK | |
| r-devel-linux-x86_64-debian-gcc | 0.2.0 | 1.12 | 19.41 | 20.53 | OK | |
| r-devel-linux-x86_64-fedora-clang | 0.2.0 | 36.53 | OK | |||
| r-devel-linux-x86_64-fedora-gcc | 0.2.0 | 49.07 | OK | |||
| r-devel-windows-x86_64 | 0.2.0 | 3.00 | 42.00 | 45.00 | OK | |
| r-patched-linux-x86_64 | 0.2.0 | 1.71 | 21.11 | 22.82 | OK | |
| r-release-linux-x86_64 | 0.2.0 | 1.61 | 20.75 | 22.36 | OK | |
| r-release-macos-arm64 | 0.2.0 | OK | ||||
| r-release-macos-x86_64 | 0.2.0 | 1.00 | 39.00 | 40.00 | OK | |
| r-release-windows-x86_64 | 0.2.0 | 3.00 | 39.00 | 42.00 | OK | |
| r-oldrel-macos-arm64 | 0.2.0 | NOTE | ||||
| r-oldrel-macos-x86_64 | 0.2.0 | 2.00 | 31.00 | 33.00 | NOTE | |
| r-oldrel-windows-x86_64 | 0.2.0 | 3.00 | 47.00 | 50.00 | NOTE |
Version: 0.2.0
Check: LazyData
Result: NOTE
'LazyData' is specified without a 'data' directory
Flavors: r-oldrel-macos-arm64, r-oldrel-macos-x86_64, r-oldrel-windows-x86_64