CRAN Package Check Results for Package sensitivityCalibration

Last updated on 2025-11-19 01:49:02 CET.

Flavor Version Tinstall Tcheck Ttotal Status Flags
r-devel-linux-x86_64-debian-clang 0.0.1 13.98 104.40 118.38 NOTE
r-devel-linux-x86_64-debian-gcc 0.0.1 9.96 73.57 83.53 NOTE
r-devel-linux-x86_64-fedora-clang 0.0.1 32.00 151.57 183.57 OK
r-devel-linux-x86_64-fedora-gcc 0.0.1 29.00 140.06 169.06 OK
r-devel-windows-x86_64 0.0.1 14.00 101.00 115.00 OK
r-patched-linux-x86_64 0.0.1 11.66 97.20 108.86 OK
r-release-linux-x86_64 0.0.1 12.98 97.63 110.61 OK
r-release-macos-arm64 0.0.1 6.00 49.00 55.00 OK
r-release-macos-x86_64 0.0.1 13.00 88.00 101.00 OK
r-release-windows-x86_64 0.0.1 14.00 101.00 115.00 OK
r-oldrel-macos-arm64 0.0.1 6.00 44.00 50.00 OK
r-oldrel-macos-x86_64 0.0.1 11.00 67.00 78.00 OK
r-oldrel-windows-x86_64 0.0.1 18.00 134.00 152.00 OK

Check Details

Version: 0.0.1
Check: CRAN incoming feasibility
Result: NOTE Maintainer: ‘Bo Zhang <bozhan@wharton.upenn.edu>’ No Authors@R field in DESCRIPTION. Please add one, modifying Authors@R: person(given = "Bo", family = "Zhang", role = c("aut", "cre"), email = "bozhan@wharton.upenn.edu") as necessary. The Description field contains B., Small, D. S. (2018). <arXiv:1812.00215>. Please refer to arXiv e-prints via their arXiv DOI <doi:10.48550/arXiv.YYMM.NNNNN>. Flavors: r-devel-linux-x86_64-debian-clang, r-devel-linux-x86_64-debian-gcc