Last updated on 2025-10-27 02:49:37 CET.
| Flavor | Version | Tinstall | Tcheck | Ttotal | Status | Flags |
|---|---|---|---|---|---|---|
| r-devel-linux-x86_64-debian-clang | 1.0.0 | 56.30 | 68.51 | 124.81 | OK | |
| r-devel-linux-x86_64-debian-gcc | 1.0.0 | 43.33 | 49.85 | 93.18 | OK | |
| r-devel-linux-x86_64-fedora-clang | 1.0.0 | 108.00 | 120.49 | 228.49 | OK | |
| r-devel-linux-x86_64-fedora-gcc | 1.0.0 | 95.00 | 124.75 | 219.75 | OK | |
| r-devel-windows-x86_64 | 1.0.0 | 73.00 | 169.00 | 242.00 | OK | |
| r-patched-linux-x86_64 | 1.0.0 | 64.70 | 64.98 | 129.68 | OK | |
| r-release-linux-x86_64 | 1.0.0 | 65.53 | 64.88 | 130.41 | OK | |
| r-release-macos-arm64 | 1.0.0 | 24.00 | 35.00 | 59.00 | OK | |
| r-release-macos-x86_64 | 1.0.0 | 34.00 | 64.00 | 98.00 | OK | |
| r-release-windows-x86_64 | 1.0.0 | 72.00 | 98.00 | 170.00 | OK | |
| r-oldrel-macos-arm64 | 1.0.0 | 24.00 | 36.00 | 60.00 | NOTE | |
| r-oldrel-macos-x86_64 | 1.0.0 | 38.00 | 73.00 | 111.00 | NOTE | |
| r-oldrel-windows-x86_64 | 1.0.0 | 85.00 | 120.00 | 205.00 | OK |
Version: 1.0.0
Check: installed package size
Result: NOTE
installed size is 5.2Mb
sub-directories of 1Mb or more:
libs 5.0Mb
Flavors: r-oldrel-macos-arm64, r-oldrel-macos-x86_64