Last updated on 2025-11-19 01:49:02 CET.
| Flavor | Version | Tinstall | Tcheck | Ttotal | Status | Flags |
|---|---|---|---|---|---|---|
| r-devel-linux-x86_64-debian-clang | 1.0.0 | 66.09 | 69.54 | 135.63 | OK | |
| r-devel-linux-x86_64-debian-gcc | 1.0.0 | 43.94 | 51.59 | 95.53 | OK | |
| r-devel-linux-x86_64-fedora-clang | 1.0.0 | 84.00 | 143.92 | 227.92 | OK | |
| r-devel-linux-x86_64-fedora-gcc | 1.0.0 | 242.00 | -3.37 | 238.63 | OK | |
| r-devel-windows-x86_64 | 1.0.0 | 83.00 | 95.00 | 178.00 | OK | |
| r-patched-linux-x86_64 | 1.0.0 | 69.14 | 65.26 | 134.40 | OK | |
| r-release-linux-x86_64 | 1.0.0 | 69.21 | 65.90 | 135.11 | OK | |
| r-release-macos-arm64 | 1.0.0 | 24.00 | 35.00 | 59.00 | OK | |
| r-release-macos-x86_64 | 1.0.0 | 34.00 | 64.00 | 98.00 | OK | |
| r-release-windows-x86_64 | 1.0.0 | 73.00 | 90.00 | 163.00 | OK | |
| r-oldrel-macos-arm64 | 1.0.0 | 24.00 | 36.00 | 60.00 | NOTE | |
| r-oldrel-macos-x86_64 | 1.0.0 | 38.00 | 73.00 | 111.00 | NOTE | |
| r-oldrel-windows-x86_64 | 1.0.0 | 89.00 | 119.00 | 208.00 | OK |
Version: 1.0.0
Check: installed package size
Result: NOTE
installed size is 5.2Mb
sub-directories of 1Mb or more:
libs 5.0Mb
Flavors: r-oldrel-macos-arm64, r-oldrel-macos-x86_64