Last updated on 2025-10-22 01:51:39 CEST.
Flavor | Version | Tinstall | Tcheck | Ttotal | Status | Flags |
---|---|---|---|---|---|---|
r-devel-linux-x86_64-debian-clang | 1.3.14 | 14.93 | 143.97 | 158.90 | NOTE | |
r-devel-linux-x86_64-debian-gcc | 1.3.14 | 10.56 | 103.26 | 113.82 | NOTE | |
r-devel-linux-x86_64-fedora-clang | 1.3.14 | 35.00 | 203.67 | 238.67 | OK | |
r-devel-linux-x86_64-fedora-gcc | 1.3.14 | 32.00 | 190.16 | 222.16 | OK | |
r-devel-windows-x86_64 | 1.3.14 | 16.00 | 140.00 | 156.00 | OK | |
r-patched-linux-x86_64 | 1.3.14 | 14.93 | 132.31 | 147.24 | OK | |
r-release-linux-x86_64 | 1.3.14 | 12.56 | 131.35 | 143.91 | OK | |
r-release-macos-arm64 | 1.3.14 | 6.00 | 49.00 | 55.00 | OK | |
r-release-macos-x86_64 | 1.3.14 | 10.00 | 99.00 | 109.00 | OK | |
r-release-windows-x86_64 | 1.3.14 | 15.00 | 141.00 | 156.00 | OK | |
r-oldrel-macos-arm64 | 1.3.14 | 6.00 | 54.00 | 60.00 | OK | |
r-oldrel-macos-x86_64 | 1.3.14 | 9.00 | 87.00 | 96.00 | OK | |
r-oldrel-windows-x86_64 | 1.3.14 | 20.00 | 176.00 | 196.00 | OK |
Version: 1.3.14
Check: HTML version of manual
Result: NOTE
Found the following HTML validation problems:
as.data.frame.coxsim.html:51:1 (as.data.frame.coxsim.Rd:12): Warning: missing </ul> before </div>
Flavors: r-devel-linux-x86_64-debian-clang, r-devel-linux-x86_64-debian-gcc