Last updated on 2025-10-26 01:50:02 CEST.
| Flavor | Version | Tinstall | Tcheck | Ttotal | Status | Flags |
|---|---|---|---|---|---|---|
| r-devel-linux-x86_64-debian-clang | 0.7.2 | 58.72 | 50.68 | 109.40 | OK | |
| r-devel-linux-x86_64-debian-gcc | 0.7.2 | 44.69 | 39.21 | 83.90 | OK | |
| r-devel-linux-x86_64-fedora-clang | 0.7.2 | 179.00 | 13.48 | 192.48 | OK | |
| r-devel-linux-x86_64-fedora-gcc | 0.7.2 | 112.00 | 97.51 | 209.51 | OK | |
| r-devel-windows-x86_64 | 0.7.2 | 73.00 | 95.00 | 168.00 | OK | |
| r-patched-linux-x86_64 | 0.7.2 | 62.00 | 48.16 | 110.16 | OK | |
| r-release-linux-x86_64 | 0.7.2 | 61.43 | 48.26 | 109.69 | OK | |
| r-release-macos-arm64 | 0.7.2 | 25.00 | 36.00 | 61.00 | OK | |
| r-release-macos-x86_64 | 0.7.2 | 24.00 | 59.00 | 83.00 | OK | |
| r-release-windows-x86_64 | 0.7.2 | 76.00 | 99.00 | 175.00 | OK | |
| r-oldrel-macos-arm64 | 0.7.2 | 12.00 | 24.00 | 36.00 | NOTE | |
| r-oldrel-macos-x86_64 | 0.7.2 | 11.00 | 43.00 | 54.00 | NOTE | |
| r-oldrel-windows-x86_64 | 0.7.2 | 88.00 | 111.00 | 199.00 | NOTE |
Version: 0.7.2
Check: installed package size
Result: NOTE
installed size is 7.0Mb
sub-directories of 1Mb or more:
libs 6.2Mb
Flavors: r-oldrel-macos-arm64, r-oldrel-macos-x86_64
Version: 0.7.2
Check: for GNU extensions in Makefiles
Result: NOTE
GNU make is a SystemRequirements.
Flavors: r-oldrel-macos-arm64, r-oldrel-macos-x86_64, r-oldrel-windows-x86_64