Last updated on 2025-10-23 02:50:11 CEST.
Flavor | Version | Tinstall | Tcheck | Ttotal | Status | Flags |
---|---|---|---|---|---|---|
r-devel-linux-x86_64-debian-clang | 0.1.0 | 3.11 | 30.25 | 33.36 | NOTE | |
r-devel-linux-x86_64-debian-gcc | 0.1.0 | 2.15 | 24.04 | 26.19 | OK | |
r-devel-linux-x86_64-fedora-clang | 0.1.0 | 13.00 | 37.30 | 50.30 | OK | |
r-devel-linux-x86_64-fedora-gcc | 0.1.0 | 45.77 | OK | |||
r-devel-windows-x86_64 | 0.1.0 | 5.00 | 51.00 | 56.00 | OK | |
r-patched-linux-x86_64 | 0.1.0 | 3.28 | 27.84 | 31.12 | OK | |
r-release-linux-x86_64 | 0.1.0 | 2.75 | 28.41 | 31.16 | OK | |
r-release-macos-arm64 | 0.1.0 | 1.00 | 18.00 | 19.00 | OK | |
r-release-macos-x86_64 | 0.1.0 | 2.00 | 39.00 | 41.00 | OK | |
r-release-windows-x86_64 | 0.1.0 | 6.00 | 52.00 | 58.00 | OK | |
r-oldrel-macos-arm64 | 0.1.0 | 2.00 | 17.00 | 19.00 | OK | |
r-oldrel-macos-x86_64 | 0.1.0 | 2.00 | 24.00 | 26.00 | OK | |
r-oldrel-windows-x86_64 | 0.1.0 | 5.00 | 59.00 | 64.00 | OK |
Version: 0.1.0
Check: HTML version of manual
Result: NOTE
Found the following HTML validation problems:
ss_api.html:50:1 (ss_api.Rd:12): Warning: missing </ul> before </div>
ss_cols_to_dataframe.html:46:1 (ss_cols_to_dataframe.Rd:10): Warning: missing </ul> before </div>
ss_resp_data_to_dataframe.html:46:1 (ss_resp_data_to_dataframe.Rd:10): Warning: missing </ul> before </div>
to_json.html:47:1 (to_json.Rd:10): Warning: missing </ul> before </div>
unlist_and_replace_null.html:48:1 (unlist_and_replace_null.Rd:11): Warning: missing </ul> before </div>
Flavor: r-devel-linux-x86_64-debian-clang