Last updated on 2025-11-20 03:50:25 CET.
| Flavor | Version | Tinstall | Tcheck | Ttotal | Status | Flags |
|---|---|---|---|---|---|---|
| r-devel-linux-x86_64-debian-clang | 1.4.1.1 | 3.22 | 30.84 | 34.06 | NOTE | |
| r-devel-linux-x86_64-debian-gcc | 1.4.1.1 | 2.25 | 24.06 | 26.31 | NOTE | |
| r-devel-linux-x86_64-fedora-clang | 1.4.1.1 | 50.48 | OK | |||
| r-devel-linux-x86_64-fedora-gcc | 1.4.1.1 | 48.48 | OK | |||
| r-devel-windows-x86_64 | 1.4.1.1 | 5.00 | 52.00 | 57.00 | OK | |
| r-patched-linux-x86_64 | 1.4.1.1 | 3.54 | 29.14 | 32.68 | OK | |
| r-release-linux-x86_64 | 1.4.1.1 | 2.94 | 28.98 | 31.92 | OK | |
| r-release-macos-arm64 | 1.4.1.1 | OK | ||||
| r-release-macos-x86_64 | 1.4.1.1 | 3.00 | 34.00 | 37.00 | OK | |
| r-release-windows-x86_64 | 1.4.1.1 | 5.00 | 52.00 | 57.00 | OK | |
| r-oldrel-macos-arm64 | 1.4.1.1 | OK | ||||
| r-oldrel-macos-x86_64 | 1.4.1.1 | 2.00 | 26.00 | 28.00 | OK | |
| r-oldrel-windows-x86_64 | 1.4.1.1 | 5.00 | 53.00 | 58.00 | OK |
Version: 1.4.1.1
Check: CRAN incoming feasibility
Result: NOTE
Maintainer: ‘livio finos <livio@stat.unipd.it>’
No Authors@R field in DESCRIPTION.
Please add one, modifying
Authors@R: person(given = "livio",
family = "finos",
role = c("aut", "cre"),
email = "livio@stat.unipd.it")
as necessary.
Flavors: r-devel-linux-x86_64-debian-clang, r-devel-linux-x86_64-debian-gcc