Last updated on 2024-05-11 01:50:54 CEST.
Flavor | Version | Tinstall | Tcheck | Ttotal | Status | Flags |
---|---|---|---|---|---|---|
r-devel-linux-x86_64-debian-clang | 1.1.8 | 563.09 | 96.01 | 659.10 | OK | |
r-devel-linux-x86_64-debian-gcc | 1.1.8 | 444.21 | 69.23 | 513.44 | OK | |
r-devel-linux-x86_64-fedora-clang | 1.1.8 | 897.94 | OK | |||
r-devel-linux-x86_64-fedora-gcc | 1.1.8 | 1138.10 | OK | |||
r-devel-windows-x86_64 | 1.1.8 | 401.00 | 129.00 | 530.00 | OK | |
r-patched-linux-x86_64 | 1.1.8 | 546.39 | 90.01 | 636.40 | OK | |
r-release-linux-x86_64 | 1.1.8 | 551.73 | 91.39 | 643.12 | OK | |
r-release-macos-arm64 | 1.1.8 | 162.00 | NOTE | |||
r-release-macos-x86_64 | 1.1.8 | 200.00 | NOTE | |||
r-release-windows-x86_64 | 1.1.8 | 406.00 | 123.00 | 529.00 | OK | |
r-oldrel-macos-arm64 | 1.1.8 | 179.00 | NOTE | |||
r-oldrel-macos-x86_64 | 1.1.8 | 185.00 | NOTE | |||
r-oldrel-windows-x86_64 | 1.1.8 | 496.00 | 148.00 | 644.00 | OK |
Version: 1.1.8
Check: installed package size
Result: NOTE
installed size is 22.5Mb
sub-directories of 1Mb or more:
libs 21.6Mb
Flavors: r-release-macos-arm64, r-release-macos-x86_64, r-oldrel-macos-arm64, r-oldrel-macos-x86_64