Last updated on 2024-05-13 01:52:32 CEST.
Flavor | Version | Tinstall | Tcheck | Ttotal | Status | Flags |
---|---|---|---|---|---|---|
r-devel-linux-x86_64-debian-clang | 2.3-10 | 22.66 | 148.84 | 171.50 | OK | |
r-devel-linux-x86_64-debian-gcc | 2.3-10 | 15.15 | 106.42 | 121.57 | OK | |
r-devel-linux-x86_64-fedora-clang | 2.3-10 | 205.13 | NOTE | |||
r-devel-linux-x86_64-fedora-gcc | 2.3-10 | 272.47 | OK | |||
r-devel-windows-x86_64 | 2.3-10 | 14.00 | 115.00 | 129.00 | OK | |
r-patched-linux-x86_64 | 2.3-10 | 22.37 | 144.37 | 166.74 | OK | |
r-release-linux-x86_64 | 2.3-10 | 13.26 | 138.88 | 152.14 | OK | |
r-release-macos-arm64 | 2.3-10 | 66.00 | OK | |||
r-release-windows-x86_64 | 2.3-10 | 15.00 | 116.00 | 131.00 | OK | |
r-oldrel-macos-arm64 | 2.3-10 | 59.00 | OK | |||
r-oldrel-macos-x86_64 | 2.3-10 | 108.00 | NOTE | |||
r-oldrel-windows-x86_64 | 2.3-10 | 18.00 | 140.00 | 158.00 | OK |
Version: 2.3-10
Check: Rd cross-references
Result: NOTE
Undeclared packages ‘splancs’, ‘spatstat.data’ in Rd xrefs
Flavor: r-devel-linux-x86_64-fedora-clang
Version: 2.3-10
Check: package dependencies
Result: NOTE
Package suggested but not available for checking: ‘fftwtools’
Flavor: r-oldrel-macos-x86_64