Last updated on 2024-05-09 01:56:10 CEST.
Flavor | Version | Tinstall | Tcheck | Ttotal | Status | Flags |
---|---|---|---|---|---|---|
r-devel-linux-x86_64-debian-clang | 2.0 | 21.02 | 187.35 | 208.37 | OK | |
r-devel-linux-x86_64-debian-gcc | 2.0 | 15.84 | 139.29 | 155.13 | OK | |
r-devel-linux-x86_64-fedora-clang | 2.0 | 256.81 | NOTE | |||
r-devel-linux-x86_64-fedora-gcc | 2.0 | 320.29 | NOTE | |||
r-devel-windows-x86_64 | 2.0 | 19.00 | 166.00 | 185.00 | OK | |
r-patched-linux-x86_64 | 2.0 | 23.63 | 179.31 | 202.94 | OK | |
r-release-linux-x86_64 | 2.0 | 18.54 | 182.94 | 201.48 | OK | |
r-release-macos-arm64 | 2.0 | 74.00 | OK | |||
r-release-windows-x86_64 | 2.0 | 19.00 | 163.00 | 182.00 | OK | |
r-oldrel-macos-arm64 | 2.0 | 88.00 | OK | |||
r-oldrel-macos-x86_64 | 2.0 | 153.00 | OK | |||
r-oldrel-windows-x86_64 | 2.0 | 24.00 | 193.00 | 217.00 | OK |
Version: 2.0
Check: dependencies in R code
Result: NOTE
Namespaces in Imports field not imported from:
‘sf’ ‘spData’
All declared Imports should be used.
Flavors: r-devel-linux-x86_64-fedora-clang, r-devel-linux-x86_64-fedora-gcc