Last updated on 2025-10-22 01:51:40 CEST.
Flavor | Version | Tinstall | Tcheck | Ttotal | Status | Flags |
---|---|---|---|---|---|---|
r-devel-linux-x86_64-debian-clang | 1.2.1 | 20.01 | 24.46 | 44.47 | WARN | |
r-devel-linux-x86_64-debian-gcc | 1.3.0 | 11.98 | 19.88 | 31.86 | OK | |
r-devel-linux-x86_64-fedora-clang | 1.3.0 | 119.00 | -34.24 | 84.76 | OK | |
r-devel-linux-x86_64-fedora-gcc | 1.3.0 | 102.00 | -30.92 | 71.08 | OK | |
r-devel-windows-x86_64 | 1.2.1 | 23.00 | 64.00 | 87.00 | NOTE | |
r-patched-linux-x86_64 | 1.2.1 | 18.45 | 23.03 | 41.48 | NOTE | |
r-release-linux-x86_64 | 1.2.1 | 18.13 | 23.20 | 41.33 | NOTE | |
r-release-macos-arm64 | 1.3.0 | 9.00 | 15.00 | 24.00 | OK | |
r-release-macos-x86_64 | 1.3.0 | 25.00 | 26.00 | 51.00 | OK | |
r-release-windows-x86_64 | 1.3.0 | 27.00 | 64.00 | 91.00 | OK | |
r-oldrel-macos-arm64 | 1.3.0 | 8.00 | 20.00 | 28.00 | OK | |
r-oldrel-macos-x86_64 | 1.3.0 | 19.00 | 30.00 | 49.00 | OK | |
r-oldrel-windows-x86_64 | 1.3.0 | 28.00 | 76.00 | 104.00 | OK |
Version: 1.2.1
Check: CRAN incoming feasibility
Result: NOTE
Maintainer: ‘Romin Ebrahimi <romin.ebrahimi@utexas.edu>’
No Authors@R field in DESCRIPTION.
Please add one, modifying
Authors@R: person(given = "Romin",
family = "Ebrahimi",
role = c("aut", "cre"),
email = "romin.ebrahimi@utexas.edu")
as necessary.
Flavor: r-devel-linux-x86_64-debian-clang
Version: 1.2.1
Check: whether package can be installed
Result: WARN
Found the following significant warnings:
/home/hornik/tmp/R.check/r-devel-clang/Work/build/Packages/RcppArmadillo/include/RcppArmadillo/version/arma.h:66:17: warning: Using fallback compilation with Armadillo 14.6.3. Please consider defining -DARMA_USE_CURRENT and also removing C++11 compilation directive. See GitHub issue #475 for more. [-W#pragma-messages]
See ‘/home/hornik/tmp/R.check/r-devel-clang/Work/PKGS/spnn.Rcheck/00install.out’ for details.
* used C++ compiler: ‘Debian clang version 19.1.7 (7)’
Flavor: r-devel-linux-x86_64-debian-clang
Version: 1.2.1
Check: C++ specification
Result: NOTE
Specified C++11: please drop specification unless essential
Flavors: r-devel-linux-x86_64-debian-clang, r-devel-windows-x86_64, r-patched-linux-x86_64, r-release-linux-x86_64
Version: 1.2.1
Check: Rd files
Result: NOTE
checkRd: (-1) spnn-package.Rd:15: Lost braces in \itemize; meant \describe ?
checkRd: (-1) spnn-package.Rd:16: Lost braces in \itemize; meant \describe ?
checkRd: (-1) spnn-package.Rd:17: Lost braces in \itemize; meant \describe ?
checkRd: (-1) spnn-package.Rd:18: Lost braces in \itemize; meant \describe ?
Flavors: r-devel-linux-x86_64-debian-clang, r-devel-windows-x86_64, r-patched-linux-x86_64, r-release-linux-x86_64