CRAN Package Check Results for Package spongecake

Last updated on 2025-11-12 02:53:13 CET.

Flavor Version Tinstall Tcheck Ttotal Status Flags
r-devel-linux-x86_64-debian-clang 0.1.2 4.70 53.44 58.14 NOTE
r-devel-linux-x86_64-debian-gcc 0.1.2 3.92 40.14 44.06 NOTE
r-devel-linux-x86_64-fedora-clang 0.1.2 11.00 80.01 91.01 OK
r-devel-linux-x86_64-fedora-gcc 0.1.2 23.00 68.92 91.92 OK
r-devel-windows-x86_64 0.1.2 8.00 63.00 71.00 OK
r-patched-linux-x86_64 0.1.2 5.33 51.52 56.85 OK
r-release-linux-x86_64 0.1.2 5.71 50.80 56.51 OK
r-release-macos-arm64 0.1.2 2.00 22.00 24.00 OK
r-release-macos-x86_64 0.1.2 4.00 37.00 41.00 OK
r-release-windows-x86_64 0.1.2 7.00 63.00 70.00 OK
r-oldrel-macos-arm64 0.1.2 2.00 21.00 23.00 NOTE
r-oldrel-macos-x86_64 0.1.2 6.00 39.00 45.00 NOTE
r-oldrel-windows-x86_64 0.1.2 9.00 80.00 89.00 NOTE

Check Details

Version: 0.1.2
Check: CRAN incoming feasibility
Result: NOTE Maintainer: ‘Vincent Guyader <vincent@thinkr.fr>’ No Authors@R field in DESCRIPTION. Please add one, modifying Authors@R: person(given = "Vincent", family = "Guyader", role = c("aut", "cre"), email = "vincent@thinkr.fr") as necessary. Flavors: r-devel-linux-x86_64-debian-clang, r-devel-linux-x86_64-debian-gcc

Version: 0.1.2
Check: LazyData
Result: NOTE 'LazyData' is specified without a 'data' directory Flavors: r-oldrel-macos-arm64, r-oldrel-macos-x86_64, r-oldrel-windows-x86_64