Last updated on 2025-10-22 01:51:40 CEST.
Flavor | Version | Tinstall | Tcheck | Ttotal | Status | Flags |
---|---|---|---|---|---|---|
r-devel-linux-x86_64-debian-clang | 0.0-10 | 135.61 | 86.20 | 221.81 | NOTE | |
r-devel-linux-x86_64-debian-gcc | 0.0-10 | 111.22 | 61.29 | 172.51 | NOTE | |
r-devel-linux-x86_64-fedora-clang | 0.0-10 | 320.00 | 33.35 | 353.35 | OK | |
r-devel-linux-x86_64-fedora-gcc | 0.0-10 | 296.00 | 78.54 | 374.54 | OK | |
r-devel-windows-x86_64 | 0.0-10 | 180.00 | 115.00 | 295.00 | OK | |
r-patched-linux-x86_64 | 0.0-10 | 163.77 | 82.98 | 246.75 | OK | |
r-release-linux-x86_64 | 0.0-10 | 158.79 | 81.63 | 240.42 | OK | |
r-release-macos-arm64 | 0.0-10 | 75.00 | 50.00 | 125.00 | OK | |
r-release-macos-x86_64 | 0.0-10 | 158.00 | 131.00 | 289.00 | OK | |
r-release-windows-x86_64 | 0.0-10 | 185.00 | 118.00 | 303.00 | OK | |
r-oldrel-macos-arm64 | 0.0-10 | 35.00 | 33.00 | 68.00 | NOTE | |
r-oldrel-macos-x86_64 | 0.0-10 | 64.00 | 55.00 | 119.00 | NOTE | |
r-oldrel-windows-x86_64 | 0.0-10 | 210.00 | 156.00 | 366.00 | OK |
Version: 0.0-10
Check: top-level files
Result: NOTE
Found the following validation problem for the NEWS.Rd HTML conversion:
NEWS.html:41:1 (inst/NEWS.Rd:13): Warning: <h4> anchor "BUG-FIXES" already defined
NEWS.html:75:1 (inst/NEWS.Rd:31): Warning: <h4> anchor "BUG-FIXES" already defined
NEWS.html:90:1 (inst/NEWS.Rd:38): Warning: <h4> anchor "NEW-FEATURES" already defined
Flavors: r-devel-linux-x86_64-debian-clang, r-devel-linux-x86_64-debian-gcc
Version: 0.0-10
Check: installed package size
Result: NOTE
installed size is 49.9Mb
sub-directories of 1Mb or more:
libs 49.6Mb
Flavors: r-oldrel-macos-arm64, r-oldrel-macos-x86_64