Last updated on 2025-10-22 01:51:40 CEST.
Flavor | Version | Tinstall | Tcheck | Ttotal | Status | Flags |
---|---|---|---|---|---|---|
r-devel-linux-x86_64-debian-clang | 0.6-8 | 15.87 | 317.60 | 333.47 | NOTE | |
r-devel-linux-x86_64-debian-gcc | 0.6-8 | 10.20 | 226.17 | 236.37 | NOTE | |
r-devel-linux-x86_64-fedora-clang | 0.6-8 | 102.00 | 413.33 | 515.33 | NOTE | |
r-devel-linux-x86_64-fedora-gcc | 0.6-8 | 33.00 | 489.83 | 522.83 | NOTE | |
r-devel-windows-x86_64 | 0.6-8 | 19.00 | 311.00 | 330.00 | NOTE | |
r-patched-linux-x86_64 | 0.6-8 | 17.13 | 305.43 | 322.56 | NOTE | |
r-release-linux-x86_64 | 0.6-8 | 15.24 | 303.35 | 318.59 | NOTE | |
r-release-macos-arm64 | 0.6-8 | 7.00 | 179.00 | 186.00 | NOTE | |
r-release-macos-x86_64 | 0.6-8 | 20.00 | 323.00 | 343.00 | NOTE | |
r-release-windows-x86_64 | 0.6-8 | 19.00 | 312.00 | 331.00 | NOTE | |
r-oldrel-macos-arm64 | 0.6-8 | 6.00 | 156.00 | 162.00 | NOTE | |
r-oldrel-macos-x86_64 | 0.6-8 | 16.00 | 305.00 | 321.00 | NOTE | |
r-oldrel-windows-x86_64 | 0.6-8 | 24.00 | 413.00 | 437.00 | NOTE |
Version: 0.6-8
Check: DESCRIPTION meta-information
Result: NOTE
Missing dependency on R >= 4.2.0 because package code uses the pipe
placeholder syntax added in R 4.2.0.
File(s) using such syntax:
‘prcomp.Rd’
Flavors: r-devel-linux-x86_64-debian-clang, r-devel-linux-x86_64-debian-gcc, r-devel-linux-x86_64-fedora-clang, r-devel-linux-x86_64-fedora-gcc, r-devel-windows-x86_64, r-patched-linux-x86_64, r-release-linux-x86_64, r-release-macos-arm64, r-release-macos-x86_64, r-release-windows-x86_64
Version: 0.6-8
Check: HTML version of manual
Result: NOTE
Found the following HTML validation problems:
expand_dimensions.html:61:1 (expand_dimensions.Rd:19): Warning: missing </ul> before </div>
in-methods.html:51:1 (in-methods.Rd:13): Warning: missing </ul> before </div>
make_intervals.html:50:1 (make_intervals.Rd:12): Warning: missing </ul> before </div>
print_stars.html:88:1 (print_stars.Rd:38): Warning: missing </ul> before </div>
redimension.html:79:1 (redimension.Rd:36): Warning: missing </ul> before </div>
st_coordinates.html:73:1 (st_coordinates.Rd:28): Warning: missing </ul> before </div>
st_set_bbox.html:54:1 (st_set_bbox.Rd:14): Warning: missing </ul> before </div>
Flavors: r-devel-linux-x86_64-debian-clang, r-devel-linux-x86_64-debian-gcc
Version: 0.6-8
Check: package dependencies
Result: NOTE
Package suggested but not available for checking: ‘starsdata’
Flavors: r-oldrel-macos-arm64, r-oldrel-macos-x86_64, r-oldrel-windows-x86_64
Version: 0.6-8
Check: installed package size
Result: NOTE
installed size is 6.9Mb
sub-directories of 1Mb or more:
doc 2.9Mb
nc 1.7Mb
Flavors: r-oldrel-macos-arm64, r-oldrel-macos-x86_64, r-oldrel-windows-x86_64