Last updated on 2024-05-13 01:52:33 CEST.
Flavor | Version | Tinstall | Tcheck | Ttotal | Status | Flags |
---|---|---|---|---|---|---|
r-devel-linux-x86_64-debian-clang | 0.6-5 | 19.66 | 381.36 | 401.02 | NOTE | |
r-devel-linux-x86_64-debian-gcc | 0.6-5 | 16.10 | 283.36 | 299.46 | NOTE | |
r-devel-linux-x86_64-fedora-clang | 0.6-5 | 500.53 | NOTE | |||
r-devel-linux-x86_64-fedora-gcc | 0.6-5 | 647.26 | NOTE | |||
r-devel-windows-x86_64 | 0.6-5 | 16.00 | 293.00 | 309.00 | NOTE | |
r-patched-linux-x86_64 | 0.6-5 | 23.23 | 364.65 | 387.88 | NOTE | |
r-release-linux-x86_64 | 0.6-5 | 18.29 | 366.49 | 384.78 | NOTE | |
r-release-macos-arm64 | 0.6-5 | 145.00 | NOTE | |||
r-release-macos-x86_64 | 0.6-5 | 425.00 | NOTE | |||
r-release-windows-x86_64 | 0.6-5 | 16.00 | 290.00 | 306.00 | NOTE | |
r-oldrel-macos-arm64 | 0.6-5 | 151.00 | NOTE | |||
r-oldrel-macos-x86_64 | 0.6-5 | 338.00 | NOTE | |||
r-oldrel-windows-x86_64 | 0.6-5 | 22.00 | 369.00 | 391.00 | NOTE |
Version: 0.6-5
Check: package dependencies
Result: NOTE
Package suggested but not available for checking: ‘starsdata’
Flavors: r-devel-linux-x86_64-debian-clang, r-devel-linux-x86_64-debian-gcc, r-devel-linux-x86_64-fedora-clang, r-devel-linux-x86_64-fedora-gcc, r-devel-windows-x86_64, r-patched-linux-x86_64, r-release-linux-x86_64, r-release-macos-arm64, r-release-macos-x86_64, r-release-windows-x86_64, r-oldrel-macos-arm64, r-oldrel-macos-x86_64, r-oldrel-windows-x86_64
Version: 0.6-5
Check: installed package size
Result: NOTE
installed size is 6.4Mb
sub-directories of 1Mb or more:
doc 2.4Mb
nc 1.7Mb
Flavors: r-devel-linux-x86_64-fedora-clang, r-devel-windows-x86_64, r-release-macos-arm64, r-release-macos-x86_64, r-release-windows-x86_64, r-oldrel-macos-arm64, r-oldrel-macos-x86_64, r-oldrel-windows-x86_64