Last updated on 2025-10-22 01:51:40 CEST.
Flavor | Version | Tinstall | Tcheck | Ttotal | Status | Flags |
---|---|---|---|---|---|---|
r-devel-linux-x86_64-debian-clang | 1.4.0 | 5.01 | 55.08 | 60.09 | NOTE | |
r-devel-linux-x86_64-debian-gcc | 1.4.0 | 4.19 | 40.31 | 44.50 | NOTE | |
r-devel-linux-x86_64-fedora-clang | 1.4.0 | 10.00 | 78.32 | 88.32 | OK | |
r-devel-linux-x86_64-fedora-gcc | 1.4.0 | 11.00 | 75.06 | 86.06 | OK | |
r-devel-windows-x86_64 | 1.4.0 | 8.00 | 66.00 | 74.00 | OK | |
r-patched-linux-x86_64 | 1.4.0 | 4.73 | 51.04 | 55.77 | OK | |
r-release-linux-x86_64 | 1.4.0 | 5.05 | 51.19 | 56.24 | OK | |
r-release-macos-arm64 | 1.4.0 | 3.00 | 28.00 | 31.00 | OK | |
r-release-macos-x86_64 | 1.4.0 | 6.00 | 37.00 | 43.00 | OK | |
r-release-windows-x86_64 | 1.4.0 | 8.00 | 65.00 | 73.00 | OK | |
r-oldrel-macos-arm64 | 1.4.0 | 2.00 | 21.00 | 23.00 | OK | |
r-oldrel-macos-x86_64 | 1.4.0 | 3.00 | 36.00 | 39.00 | OK | |
r-oldrel-windows-x86_64 | 1.4.0 | 10.00 | 81.00 | 91.00 | OK |
Version: 1.4.0
Check: HTML version of manual
Result: NOTE
Found the following HTML validation problems:
theme_statebins.html:50:1 (theme_statebins.Rd:12): Warning: missing </ul> before </div>
Flavors: r-devel-linux-x86_64-debian-clang, r-devel-linux-x86_64-debian-gcc