Last updated on 2025-10-24 01:50:42 CEST.
| Flavor | Version | Tinstall | Tcheck | Ttotal | Status | Flags |
|---|---|---|---|---|---|---|
| r-devel-linux-x86_64-debian-clang | 1.0.0 | 2.57 | 139.36 | 141.93 | OK | |
| r-devel-linux-x86_64-debian-gcc | 1.0.0 | 2.05 | 165.00 | 167.05 | OK | |
| r-devel-linux-x86_64-fedora-clang | 1.0.0 | 17.00 | 154.93 | 171.93 | NOTE | |
| r-devel-linux-x86_64-fedora-gcc | 1.0.0 | 167.10 | NOTE | |||
| r-devel-windows-x86_64 | 1.0.0 | 4.00 | 75.00 | 79.00 | OK | |
| r-patched-linux-x86_64 | 1.0.0 | 2.62 | 155.12 | 157.74 | OK | |
| r-release-linux-x86_64 | 1.0.0 | 2.89 | 164.82 | 167.71 | OK | |
| r-release-macos-arm64 | 1.0.0 | 1.00 | 44.00 | 45.00 | OK | |
| r-release-macos-x86_64 | 1.0.0 | 2.00 | 55.00 | 57.00 | OK | |
| r-release-windows-x86_64 | 1.0.0 | 4.00 | 76.00 | 80.00 | OK | |
| r-oldrel-macos-arm64 | 1.0.0 | 1.00 | 48.00 | 49.00 | OK | |
| r-oldrel-macos-x86_64 | 1.0.0 | 2.00 | 71.00 | 73.00 | OK | |
| r-oldrel-windows-x86_64 | 1.0.0 | 4.00 | 90.00 | 94.00 | OK |
Version: 1.0.0
Check: dependencies in R code
Result: NOTE
Namespaces in Imports field not imported from:
‘base’ ‘utils’
All declared Imports should be used.
Flavors: r-devel-linux-x86_64-fedora-clang, r-devel-linux-x86_64-fedora-gcc