Last updated on 2025-10-21 01:48:48 CEST.
Flavor | Version | Tinstall | Tcheck | Ttotal | Status | Flags |
---|---|---|---|---|---|---|
r-devel-linux-x86_64-debian-clang | 1.0.4 | 8.41 | 81.72 | 90.13 | NOTE | |
r-devel-linux-x86_64-debian-gcc | 1.0.4 | 5.83 | 58.07 | 63.90 | NOTE | |
r-devel-linux-x86_64-fedora-clang | 1.0.4 | 141.98 | NOTE | |||
r-devel-linux-x86_64-fedora-gcc | 1.0.4 | 128.84 | NOTE | |||
r-devel-windows-x86_64 | 1.0.4 | 11.00 | 98.00 | 109.00 | OK | |
r-patched-linux-x86_64 | 1.0.4 | 7.74 | 75.44 | 83.18 | NOTE | |
r-release-linux-x86_64 | 1.0.4 | 8.33 | 75.40 | 83.73 | NOTE | |
r-release-macos-arm64 | 1.0.4 | 34.00 | OK | |||
r-release-macos-x86_64 | 1.0.4 | 66.00 | OK | |||
r-release-windows-x86_64 | 1.0.4 | 11.00 | 99.00 | 110.00 | OK | |
r-oldrel-macos-arm64 | 1.0.4 | 33.00 | OK | |||
r-oldrel-macos-x86_64 | 1.0.4 | 57.00 | OK | |||
r-oldrel-windows-x86_64 | 1.0.4 | 14.00 | 121.00 | 135.00 | OK |
Version: 1.0.4
Check: CRAN incoming feasibility
Result: NOTE
Maintainer: ‘Suraj Yerramilli <surajyerramilli@gmail.com>’
No Authors@R field in DESCRIPTION.
Please add one, modifying
Authors@R: c(person(given = "Suraj",
family = "Yerramilli",
role = c("aut", "cre"),
email = "surajyerramilli@gmail.com"),
person(given = "Arun",
family = "Tangirala",
role = "aut"))
as necessary.
Flavors: r-devel-linux-x86_64-debian-clang, r-devel-linux-x86_64-debian-gcc
Version: 1.0.4
Check: for non-standard things in the check directory
Result: NOTE
Found the following files/directories:
‘test.csv’
Flavors: r-devel-linux-x86_64-debian-clang, r-devel-linux-x86_64-debian-gcc, r-devel-linux-x86_64-fedora-clang, r-devel-linux-x86_64-fedora-gcc, r-patched-linux-x86_64, r-release-linux-x86_64
Version: 1.0.4
Check: HTML version of manual
Result: NOTE
Found the following HTML validation problems:
getcov.html:47:1 (getcov.Rd:10): Warning: missing </ul> before </div>
grapes-equals-grapes.html:50:1 (grapes-equals-grapes.Rd:13): Warning: missing </ul> before </div>
idinput.html:73:1 (idinput.Rd:31): Warning: missing </ul> before </div>
inputData.html:50:1 (inputData.Rd:15): Warning: missing </ul> before </div>
inputNames-set.html:50:1 (inputNames-set.Rd:17): Warning: missing </ul> before </div>
nInputSeries.html:46:1 (nInputSeries.Rd:11): Warning: missing </ul> before </div>
optimOptions.html:66:1 (optimOptions.Rd:21): Warning: missing </ul> before </div>
residplot.html:53:1 (residplot.Rd:13): Warning: missing </ul> before </div>
time.html:51:1 (time.Rd:15): Warning: missing </ul> before </div>
Flavor: r-devel-linux-x86_64-debian-gcc