CRAN Package Check Results for Package talkr

Last updated on 2025-11-20 02:49:28 CET.

Flavor Version Tinstall Tcheck Ttotal Status Flags
r-devel-linux-x86_64-debian-clang 0.1.3 6.70 80.95 87.65 NOTE
r-devel-linux-x86_64-debian-gcc 0.1.3 4.90 59.79 64.69 NOTE
r-devel-linux-x86_64-fedora-clang 0.1.3 18.00 116.88 134.88 NOTE
r-devel-linux-x86_64-fedora-gcc 0.1.3 13.00 119.73 132.73 NOTE
r-devel-windows-x86_64 0.1.3 9.00 86.00 95.00 NOTE
r-patched-linux-x86_64 0.1.3 6.78 75.08 81.86 NOTE
r-release-linux-x86_64 0.1.3 6.35 74.92 81.27 NOTE
r-release-macos-arm64 0.1.3 NOTE
r-release-macos-x86_64 0.1.3 5.00 70.00 75.00 NOTE
r-release-windows-x86_64 0.1.3 10.00 83.00 93.00 NOTE
r-oldrel-macos-arm64 0.1.3 OK
r-oldrel-macos-x86_64 0.1.3 4.00 63.00 67.00 OK
r-oldrel-windows-x86_64 0.1.3 11.00 103.00 114.00 OK

Check Details

Version: 0.1.3
Check: DESCRIPTION meta-information
Result: NOTE Missing dependency on R >= 4.1.0 because package code uses the pipe |> or function shorthand \(...) syntax added in R 4.1.0. File(s) using such syntax: ‘add_lines.R’ ‘init.R’ ‘plots.R’ ‘report.R’ ‘tokenize.R’ Flavors: r-devel-linux-x86_64-debian-clang, r-devel-linux-x86_64-debian-gcc, r-devel-linux-x86_64-fedora-clang, r-devel-linux-x86_64-fedora-gcc, r-devel-windows-x86_64, r-patched-linux-x86_64, r-release-linux-x86_64, r-release-macos-arm64, r-release-macos-x86_64, r-release-windows-x86_64