CRAN Package Check Results for Package titeIR

Last updated on 2025-10-23 02:50:16 CEST.

Flavor Version Tinstall Tcheck Ttotal Status Flags
r-devel-linux-x86_64-debian-clang 0.1.0 1.91 19.05 20.96 OK
r-devel-linux-x86_64-debian-gcc 0.1.0 1.49 15.78 17.27 OK
r-devel-linux-x86_64-fedora-clang 0.1.0 32.41 OK
r-devel-linux-x86_64-fedora-gcc 0.1.0 29.54 OK
r-devel-windows-x86_64 0.1.0 3.00 37.00 40.00 OK
r-patched-linux-x86_64 0.1.0 1.94 18.05 19.99 OK
r-release-linux-x86_64 0.1.0 1.57 18.04 19.61 OK
r-release-macos-arm64 0.1.0 1.00 14.00 15.00 OK
r-release-macos-x86_64 0.1.0 2.00 20.00 22.00 OK
r-release-windows-x86_64 0.1.0 4.00 50.00 54.00 OK
r-oldrel-macos-arm64 0.1.0 2.00 16.00 18.00 NOTE
r-oldrel-macos-x86_64 0.1.0 1.00 21.00 22.00 NOTE
r-oldrel-windows-x86_64 0.1.0 3.00 38.00 41.00 NOTE

Check Details

Version: 0.1.0
Check: LazyData
Result: NOTE 'LazyData' is specified without a 'data' directory Flavors: r-oldrel-macos-arm64, r-oldrel-macos-x86_64, r-oldrel-windows-x86_64