Last updated on 2025-10-21 01:48:50 CEST.
Flavor | Version | Tinstall | Tcheck | Ttotal | Status | Flags |
---|---|---|---|---|---|---|
r-devel-linux-x86_64-debian-clang | 0.6.0 | 20.42 | 142.87 | 163.29 | OK | |
r-devel-linux-x86_64-debian-gcc | 0.6.0 | 14.69 | 98.58 | 113.27 | NOTE | |
r-devel-linux-x86_64-fedora-clang | 0.6.0 | 270.63 | OK | |||
r-devel-linux-x86_64-fedora-gcc | 0.6.0 | 258.71 | OK | |||
r-devel-windows-x86_64 | 0.6.0 | 21.00 | 142.00 | 163.00 | OK | |
r-patched-linux-x86_64 | 0.6.0 | 20.44 | 134.39 | 154.83 | OK | |
r-release-linux-x86_64 | 0.6.0 | 19.62 | 135.91 | 155.53 | OK | |
r-release-macos-arm64 | 0.6.0 | 80.00 | OK | |||
r-release-macos-x86_64 | 0.6.0 | 148.00 | OK | |||
r-release-windows-x86_64 | 0.6.0 | 21.00 | 142.00 | 163.00 | OK | |
r-oldrel-macos-arm64 | 0.6.0 | 72.00 | OK | |||
r-oldrel-macos-x86_64 | 0.6.0 | 133.00 | OK | |||
r-oldrel-windows-x86_64 | 0.6.0 | 29.00 | 181.00 | 210.00 | OK |
Version: 0.6.0
Check: HTML version of manual
Result: NOTE
Found the following HTML validation problems:
fragments.html:209:1 (fragments.Rd:118): Warning: missing </ul> before </div>
fragments.html:117:1 (fragments.Rd:60): Warning: <h5> anchor "Usage" already defined
fragments.html:133:1 (fragments.Rd:70): Warning: <h5> anchor "Usage" already defined
fragments.html:146:1 (fragments.Rd:81): Warning: <h5> anchor "Arguments" already defined
fragments.html:186:1 (fragments.Rd:107): Warning: <h5> anchor "Usage" already defined
fragments.html:192:1 (fragments.Rd:111): Warning: <h5> anchor "Arguments" already defined
fragments_repeats.html:257:1 (fragments_repeats.Rd:145): Warning: missing </ul> before </div>
fragments_repeats.html:123:1 (fragments_repeats.Rd:65): Warning: <h5> anchor "Usage" already defined
fragments_repeats.html:156:1 (fragments_repeats.Rd:86): Warning: <h5> anchor "Usage" already defined
fragments_repeats.html:172:1 (fragments_repeats.Rd:96): Warning: <h5> anchor "Usage" already defined
fragments_repeats.html:178:1 (fragments_repeats.Rd:100): Warning: <h5> anchor "Arguments" already defined
fragments_repeats.html:201:1 (fragments_repeats.Rd:113): Warning: <h5> anchor "Usage" already defined
fragments_repeats.html:207:1 (fragments_repeats.Rd:117): Warning: <h5> anchor "Arguments" already defined
fragments_repeats.html:234:1 (fragments_repeats.Rd:134): Warning: <h5> anchor "Usage" already defined
fragments_repeats.html:240:1 (fragments_repeats.Rd:138): Warning: <h5> anchor "Arguments" already defined
fragments_trace.html:232:1 (fragments_trace.Rd:130): Warning: missing </ul> before </div>
fragments_trace.html:146:1 (fragments_trace.Rd:82): Warning: <h5> anchor "Usage" already defined
fragments_trace.html:152:1 (fragments_trace.Rd:86): Warning: <h5> anchor "Arguments" already defined
fragments_trace.html:169:1 (fragments_trace.Rd:97): Warning: <h5> anchor "Returns" already defined
fragments_trace.html:186:1 (fragments_trace.Rd:106): Warning: <h5> anchor "Usage" already defined
fragments_trace.html:192:1 (fragments_trace.Rd:110): Warning: <h5> anchor "Returns" already defined
fragments_trace.html:209:1 (fragments_trace.Rd:119): Warning: <h5> anchor "Usage" already defined
fragments_trace.html:215:1 (fragments_trace.Rd:123): Warning: <h5> anchor "Arguments" already defined
Flavor: r-devel-linux-x86_64-debian-gcc