Last updated on 2025-10-22 01:51:44 CEST.
Flavor | Version | Tinstall | Tcheck | Ttotal | Status | Flags |
---|---|---|---|---|---|---|
r-devel-linux-x86_64-debian-clang | 0.6.0 | 15.53 | 94.94 | 110.47 | NOTE | |
r-devel-linux-x86_64-debian-gcc | 0.6.0 | 10.69 | 70.32 | 81.01 | NOTE | |
r-devel-linux-x86_64-fedora-clang | 0.6.0 | 85.00 | 93.59 | 178.59 | OK | |
r-devel-linux-x86_64-fedora-gcc | 0.6.0 | 39.00 | 139.78 | 178.78 | OK | |
r-devel-windows-x86_64 | 0.6.0 | 20.00 | 102.00 | 122.00 | OK | |
r-patched-linux-x86_64 | 0.6.0 | 15.26 | 89.42 | 104.68 | OK | |
r-release-linux-x86_64 | 0.6.0 | 15.74 | 89.66 | 105.40 | OK | |
r-release-macos-arm64 | 0.6.0 | 7.00 | 37.00 | 44.00 | OK | |
r-release-macos-x86_64 | 0.6.0 | 11.00 | 75.00 | 86.00 | OK | |
r-release-windows-x86_64 | 0.6.0 | 20.00 | 104.00 | 124.00 | OK | |
r-oldrel-macos-arm64 | 0.6.0 | 8.00 | 35.00 | 43.00 | OK | |
r-oldrel-macos-x86_64 | 0.6.0 | 10.00 | 58.00 | 68.00 | OK | |
r-oldrel-windows-x86_64 | 0.6.0 | 25.00 | 136.00 | 161.00 | OK |
Version: 0.6.0
Check: HTML version of manual
Result: NOTE
Found the following HTML validation problems:
plot.knnForecastRO.html:57:1 (plot.knnForecastRO.Rd:15): Warning: missing </ul> before </div>
Flavors: r-devel-linux-x86_64-debian-clang, r-devel-linux-x86_64-debian-gcc